Last updated on 2025-05-01 12:49:33 CEST.
Flavor | Version | Tinstall | Tcheck | Ttotal | Status | Flags |
---|---|---|---|---|---|---|
r-devel-linux-x86_64-debian-clang | 0.1.2 | 3.23 | 31.37 | 34.60 | NOTE | |
r-devel-linux-x86_64-debian-gcc | 0.1.2 | 2.66 | 24.80 | 27.46 | NOTE | |
r-devel-linux-x86_64-fedora-clang | 0.1.2 | 55.22 | OK | |||
r-devel-linux-x86_64-fedora-gcc | 0.1.2 | 49.60 | OK | |||
r-devel-windows-x86_64 | 0.1.2 | 4.00 | 55.00 | 59.00 | OK | |
r-patched-linux-x86_64 | 0.1.2 | 2.36 | 28.58 | 30.94 | OK | |
r-release-linux-x86_64 | OK | |||||
r-release-macos-arm64 | 0.1.2 | 19.00 | OK | |||
r-release-macos-x86_64 | 0.1.2 | 29.00 | OK | |||
r-release-windows-x86_64 | 0.1.2 | 6.00 | 55.00 | 61.00 | OK | |
r-oldrel-macos-arm64 | 0.1.2 | 23.00 | OK | |||
r-oldrel-macos-x86_64 | 0.1.2 | 45.00 | OK | |||
r-oldrel-windows-x86_64 | 0.1.2 | 6.00 | 55.00 | 61.00 | OK |
Version: 0.1.2
Check: DESCRIPTION meta-information
Result: NOTE
Author field differs from that derived from Authors@R
Author: ‘Joe Cheng [cre, aut], Posit Software, PBC [cph, fnd] (03wc8by49)’
Authors@R: ‘Joe Cheng [cre, aut], Posit Software, PBC [cph, fnd] (ROR: <https://ror.org/03wc8by49>)’
Flavors: r-devel-linux-x86_64-debian-clang, r-devel-linux-x86_64-debian-gcc
These binaries (installable software) and packages are in development.
They may not be fully stable and should be used with caution. We make no claims about them.