CRAN Package Check Results for Package minqa

Last updated on 2025-10-03 03:50:47 CEST.

Flavor Version Tinstall Tcheck Ttotal Status Flags
r-devel-linux-x86_64-debian-clang 1.2.8 14.79 27.56 42.35 OK
r-devel-linux-x86_64-debian-gcc 1.2.8 12.65 22.00 34.65 OK
r-devel-linux-x86_64-fedora-clang 1.2.8 67.75 OK
r-devel-linux-x86_64-fedora-gcc 1.2.8 68.02 OK
r-devel-windows-x86_64 1.2.8 30.00 69.00 99.00 OK
r-patched-linux-x86_64 1.2.8 14.52 26.34 40.86 OK
r-release-linux-x86_64 1.2.8 15.18 25.96 41.14 OK
r-release-macos-arm64 1.2.8 29.00 NOTE
r-release-macos-x86_64 1.2.8 58.00 NOTE
r-release-windows-x86_64 1.2.8 30.00 82.00 112.00 OK
r-oldrel-macos-arm64 1.2.8 30.00 OK
r-oldrel-macos-x86_64 1.2.8 91.00 OK
r-oldrel-windows-x86_64 1.2.8 33.00 76.00 109.00 OK

Check Details

Version: 1.2.8
Check: compiled code
Result: NOTE File ‘minqa/libs/minqa.so’: Found non-API call to R: ‘CLOENV’ Compiled code should not call non-API entry points in R. See ‘Writing portable packages’ in the ‘Writing R Extensions’ manual, and section ‘Moving into C API compliance’ for issues with the use of non-API entry points. Flavors: r-release-macos-arm64, r-release-macos-x86_64

These binaries (installable software) and packages are in development.
They may not be fully stable and should be used with caution. We make no claims about them.