Last updated on 2025-07-01 11:49:23 CEST.
Flavor | Version | Tinstall | Tcheck | Ttotal | Status | Flags |
---|---|---|---|---|---|---|
r-devel-linux-x86_64-debian-clang | 2.0.0 | 6.17 | 41.71 | 47.88 | NOTE | |
r-devel-linux-x86_64-debian-gcc | 2.0.0 | 4.06 | 30.89 | 34.95 | NOTE | |
r-devel-linux-x86_64-fedora-clang | 2.0.0 | 77.17 | OK | |||
r-devel-linux-x86_64-fedora-gcc | 2.0.0 | 73.05 | OK | |||
r-devel-windows-x86_64 | 2.0.0 | 5.00 | 59.00 | 64.00 | OK | |
r-patched-linux-x86_64 | OK | |||||
r-release-linux-x86_64 | 2.0.0 | 6.06 | 42.37 | 48.43 | OK | |
r-release-macos-arm64 | 2.0.0 | 23.00 | OK | |||
r-release-macos-x86_64 | 2.0.0 | 44.00 | OK | |||
r-release-windows-x86_64 | 2.0.0 | 8.00 | 61.00 | 69.00 | OK | |
r-oldrel-macos-arm64 | 2.0.0 | 23.00 | OK | |||
r-oldrel-macos-x86_64 | 2.0.0 | 36.00 | OK | |||
r-oldrel-windows-x86_64 | 2.0.0 | 6.00 | 56.00 | 62.00 | OK |
Version: 2.0.0
Check: CRAN incoming feasibility
Result: NOTE
Maintainer: ‘Jixiang Wu <jixiang.wu@sdstate.edu>’
No Authors@R field in DESCRIPTION.
Please add one, modifying
Authors@R: person(given = "Jixiang",
family = "Wu",
role = c("aut", "cre"),
email = "jixiang.wu@sdstate.edu")
as necessary.
Flavors: r-devel-linux-x86_64-debian-clang, r-devel-linux-x86_64-debian-gcc
These binaries (installable software) and packages are in development.
They may not be fully stable and should be used with caution. We make no claims about them.