CRAN Package Check Results for Package misaem

Last updated on 2025-05-08 04:52:10 CEST.

Flavor Version Tinstall Tcheck Ttotal Status Flags
r-devel-linux-x86_64-debian-clang 1.0.1 2.54 268.52 271.06 NOTE
r-devel-linux-x86_64-debian-gcc 1.0.1 1.96 142.62 144.58 NOTE
r-devel-linux-x86_64-fedora-clang 1.0.1 441.55 OK
r-devel-linux-x86_64-fedora-gcc 1.0.1 447.73 OK
r-devel-windows-x86_64 1.0.1 5.00 238.00 243.00 OK
r-patched-linux-x86_64 1.0.1 2.76 250.05 252.81 OK
r-release-linux-x86_64 1.0.1 2.56 252.56 255.12 OK
r-release-macos-arm64 1.0.1 94.00 OK
r-release-macos-x86_64 1.0.1 296.00 OK
r-release-windows-x86_64 1.0.1 4.00 231.00 235.00 OK
r-oldrel-macos-arm64 1.0.1 80.00 OK
r-oldrel-macos-x86_64 1.0.1 136.00 OK
r-oldrel-windows-x86_64 1.0.1 4.00 292.00 296.00 OK

Check Details

Version: 1.0.1
Check: CRAN incoming feasibility
Result: NOTE Maintainer: ‘Julie Josse <julie.josserennes@gmail.com>’ Package CITATION file contains call(s) to old-style personList() or as.personList(). Please use c() on person objects instead. Package CITATION file contains call(s) to old-style citEntry(). Please use bibentry() instead. Flavors: r-devel-linux-x86_64-debian-clang, r-devel-linux-x86_64-debian-gcc

These binaries (installable software) and packages are in development.
They may not be fully stable and should be used with caution. We make no claims about them.