Last updated on 2025-07-02 03:50:46 CEST.
Flavor | Version | Tinstall | Tcheck | Ttotal | Status | Flags |
---|---|---|---|---|---|---|
r-devel-linux-x86_64-debian-clang | 1.0.1 | 2.78 | 270.79 | 273.57 | NOTE | |
r-devel-linux-x86_64-debian-gcc | 1.0.1 | 2.09 | 142.16 | 144.25 | NOTE | |
r-devel-linux-x86_64-fedora-clang | 1.0.1 | 442.06 | OK | |||
r-devel-linux-x86_64-fedora-gcc | 1.0.1 | 437.08 | OK | |||
r-devel-windows-x86_64 | 1.0.1 | 4.00 | 238.00 | 242.00 | OK | |
r-patched-linux-x86_64 | OK | |||||
r-release-linux-x86_64 | 1.0.1 | 2.56 | 250.07 | 252.63 | OK | |
r-release-macos-arm64 | 1.0.1 | 94.00 | OK | |||
r-release-macos-x86_64 | 1.0.1 | 296.00 | OK | |||
r-release-windows-x86_64 | 1.0.1 | 4.00 | 228.00 | 232.00 | OK | |
r-oldrel-macos-arm64 | 1.0.1 | 80.00 | OK | |||
r-oldrel-macos-x86_64 | 1.0.1 | 136.00 | OK | |||
r-oldrel-windows-x86_64 | 1.0.1 | 4.00 | 306.00 | 310.00 | OK |
Version: 1.0.1
Check: CRAN incoming feasibility
Result: NOTE
Maintainer: ‘Julie Josse <julie.josserennes@gmail.com>’
Package CITATION file contains call(s) to old-style personList() or
as.personList(). Please use c() on person objects instead.
Package CITATION file contains call(s) to old-style citEntry(). Please
use bibentry() instead.
Flavors: r-devel-linux-x86_64-debian-clang, r-devel-linux-x86_64-debian-gcc
These binaries (installable software) and packages are in development.
They may not be fully stable and should be used with caution. We make no claims about them.