Last updated on 2025-05-01 14:49:15 CEST.
Flavor | Version | Tinstall | Tcheck | Ttotal | Status | Flags |
---|---|---|---|---|---|---|
r-devel-linux-x86_64-debian-clang | 0.1-5 | 12.73 | 75.68 | 88.41 | NOTE | |
r-devel-linux-x86_64-debian-gcc | 0.1-5 | 9.82 | 57.44 | 67.26 | NOTE | |
r-devel-linux-x86_64-fedora-clang | 0.1-5 | 139.10 | OK | |||
r-devel-linux-x86_64-fedora-gcc | 0.1-5 | 133.71 | OK | |||
r-devel-windows-x86_64 | 0.1-5 | 18.00 | 91.00 | 109.00 | OK | |
r-patched-linux-x86_64 | 0.1-5 | 11.59 | 71.43 | 83.02 | OK | |
r-release-linux-x86_64 | OK | |||||
r-release-macos-arm64 | 0.1-5 | 52.00 | OK | |||
r-release-macos-x86_64 | 0.1-5 | 100.00 | OK | |||
r-release-windows-x86_64 | 0.1-5 | 19.00 | 96.00 | 115.00 | OK | |
r-oldrel-macos-arm64 | 0.1-5 | 43.00 | NOTE | |||
r-oldrel-macos-x86_64 | 0.1-5 | 64.00 | NOTE | |||
r-oldrel-windows-x86_64 | 0.1-5 | 22.00 | 108.00 | 130.00 | NOTE |
Version: 0.1-5
Check: CRAN incoming feasibility
Result: NOTE
Maintainer: ‘Dai Feng <daifeng.stat@gmail.com>’
No Authors@R field in DESCRIPTION.
Please add one, modifying
Authors@R: person(given = "Dai",
family = "Feng",
role = c("aut", "cre"),
email = "daifeng.stat@gmail.com")
as necessary.
Flavors: r-devel-linux-x86_64-debian-clang, r-devel-linux-x86_64-debian-gcc
Version: 0.1-5
Check: package dependencies
Result: NOTE
Packages suggested but not available for checking: 'mixAK', 'BRugs'
Flavors: r-oldrel-macos-arm64, r-oldrel-macos-x86_64
Version: 0.1-5
Check: Rd cross-references
Result: NOTE
Package unavailable to check Rd xrefs: ‘mixAK’
Flavors: r-oldrel-macos-arm64, r-oldrel-macos-x86_64
Version: 0.1-5
Check: package dependencies
Result: NOTE
Package suggested but not available for checking: 'BRugs'
Flavor: r-oldrel-windows-x86_64
These binaries (installable software) and packages are in development.
They may not be fully stable and should be used with caution. We make no claims about them.