Last updated on 2025-02-16 08:50:54 CET.
Flavor | Version | Tinstall | Tcheck | Ttotal | Status | Flags |
---|---|---|---|---|---|---|
r-devel-linux-x86_64-debian-clang | 0.3.5 | 10.74 | 71.99 | 82.73 | NOTE | |
r-devel-linux-x86_64-debian-gcc | 0.3.5 | 7.76 | 50.94 | 58.70 | NOTE | |
r-devel-linux-x86_64-fedora-clang | 0.3.5 | 132.27 | OK | |||
r-devel-linux-x86_64-fedora-gcc | 0.3.5 | 121.84 | OK | |||
r-devel-macos-arm64 | 0.3.5 | 36.00 | OK | |||
r-devel-macos-x86_64 | 0.3.5 | 71.00 | OK | |||
r-devel-windows-x86_64 | 0.3.5 | 14.00 | 85.00 | 99.00 | NOTE | |
r-patched-linux-x86_64 | 0.3.5 | 14.35 | 66.48 | 80.83 | OK | |
r-release-linux-x86_64 | 0.3.5 | 8.83 | 65.66 | 74.49 | OK | |
r-release-macos-arm64 | 0.3.5 | 38.00 | OK | |||
r-release-macos-x86_64 | 0.3.5 | 53.00 | OK | |||
r-release-windows-x86_64 | 0.3.5 | 15.00 | 86.00 | 101.00 | OK | |
r-oldrel-macos-arm64 | 0.3.5 | 42.00 | OK | |||
r-oldrel-macos-x86_64 | 0.3.5 | 126.00 | OK | |||
r-oldrel-windows-x86_64 | 0.3.5 | 18.00 | 104.00 | 122.00 | OK |
Version: 0.3.5
Check: Rd cross-references
Result: NOTE
Found the following Rd file(s) with Rd \link{} targets missing package
anchors:
misclassGLM.Rd: ucminf
misclassMlogit.Rd: ucminf
Please provide package anchors for all Rd \link{} targets not in the
package itself and the base packages.
Flavors: r-devel-linux-x86_64-debian-clang, r-devel-linux-x86_64-debian-gcc, r-devel-windows-x86_64
These binaries (installable software) and packages are in development.
They may not be fully stable and should be used with caution. We make no claims about them.