Last updated on 2025-05-21 21:49:23 CEST.
Flavor | Version | Tinstall | Tcheck | Ttotal | Status | Flags |
---|---|---|---|---|---|---|
r-devel-linux-x86_64-debian-clang | 1.1.0 | 17.10 | 87.88 | 104.98 | NOTE | |
r-devel-linux-x86_64-debian-gcc | 1.1.0 | 11.06 | 60.12 | 71.18 | NOTE | |
r-devel-linux-x86_64-fedora-clang | 1.1.0 | 172.16 | OK | |||
r-devel-linux-x86_64-fedora-gcc | 1.1.0 | 175.43 | OK | |||
r-devel-windows-x86_64 | 1.1.0 | 22.00 | 127.00 | 149.00 | NOTE | |
r-patched-linux-x86_64 | 1.1.0 | 16.34 | 80.69 | 97.03 | NOTE | |
r-release-linux-x86_64 | 1.1.0 | 16.75 | 82.75 | 99.50 | NOTE | |
r-release-macos-arm64 | 1.1.0 | 52.00 | OK | |||
r-release-macos-x86_64 | 1.1.0 | 143.00 | OK | |||
r-release-windows-x86_64 | 1.1.0 | 22.00 | 119.00 | 141.00 | NOTE | |
r-oldrel-macos-arm64 | 1.1.0 | 52.00 | OK | |||
r-oldrel-macos-x86_64 | 1.1.0 | 130.00 | OK | |||
r-oldrel-windows-x86_64 | 1.1.0 | 27.00 | 146.00 | 173.00 | OK |
Version: 1.1.0
Check: CRAN incoming feasibility
Result: NOTE
Maintainer: ‘Sven E. Templer <sven.templer@gmail.com>’
No Authors@R field in DESCRIPTION.
Please add one, modifying
Authors@R: person(given = c("Sven", "E."),
family = "Templer",
role = c("aut", "cre"),
email = "sven.templer@gmail.com")
as necessary.
Flavors: r-devel-linux-x86_64-debian-clang, r-devel-linux-x86_64-debian-gcc
Version: 1.1.0
Check: Rd cross-references
Result: NOTE
Found the following Rd file(s) with Rd \link{} targets missing package
anchors:
textable.Rd: xtable
Please provide package anchors for all Rd \link{} targets not in the
package itself and the base packages.
Flavors: r-devel-linux-x86_64-debian-clang, r-devel-linux-x86_64-debian-gcc, r-devel-windows-x86_64, r-patched-linux-x86_64, r-release-linux-x86_64, r-release-windows-x86_64
These binaries (installable software) and packages are in development.
They may not be fully stable and should be used with caution. We make no claims about them.