Last updated on 2025-05-01 14:49:15 CEST.
Flavor | Version | Tinstall | Tcheck | Ttotal | Status | Flags |
---|---|---|---|---|---|---|
r-devel-linux-x86_64-debian-clang | 1.0.0 | 6.24 | 60.93 | 67.17 | NOTE | |
r-devel-linux-x86_64-debian-gcc | 1.0.0 | 5.44 | 46.83 | 52.27 | NOTE | |
r-devel-linux-x86_64-fedora-clang | 1.0.0 | 103.63 | OK | |||
r-devel-linux-x86_64-fedora-gcc | 1.0.0 | 100.93 | OK | |||
r-devel-windows-x86_64 | 1.0.0 | 8.00 | 82.00 | 90.00 | OK | |
r-patched-linux-x86_64 | 1.0.0 | 6.70 | 59.02 | 65.72 | OK | |
r-release-linux-x86_64 | OK | |||||
r-release-macos-arm64 | 1.0.0 | 34.00 | OK | |||
r-release-macos-x86_64 | 1.0.0 | 73.00 | OK | |||
r-release-windows-x86_64 | 1.0.0 | 8.00 | 84.00 | 92.00 | OK | |
r-oldrel-macos-arm64 | 1.0.0 | 32.00 | OK | |||
r-oldrel-macos-x86_64 | 1.0.0 | 53.00 | OK | |||
r-oldrel-windows-x86_64 | 1.0.0 | 10.00 | 88.00 | 98.00 | OK |
Version: 1.0.0
Check: CRAN incoming feasibility
Result: NOTE
Maintainer: ‘Faisal Maqbool Zahid <faisalmz99@yahoo.com>’
No Authors@R field in DESCRIPTION.
Please add one, modifying
Authors@R: person(given = c("Faisal", "Maqbool"),
family = "Zahid",
role = c("aut", "cre"),
email = "faisalmz99@yahoo.com")
as necessary.
Flavors: r-devel-linux-x86_64-debian-clang, r-devel-linux-x86_64-debian-gcc
These binaries (installable software) and packages are in development.
They may not be fully stable and should be used with caution. We make no claims about them.