Last updated on 2025-11-27 13:48:41 CET.
| Flavor | Version | Tinstall | Tcheck | Ttotal | Status | Flags |
|---|---|---|---|---|---|---|
| r-devel-linux-x86_64-debian-clang | 1.0.5 | 85.55 | 357.17 | 442.72 | OK | |
| r-devel-linux-x86_64-debian-gcc | 1.0.5 | 58.07 | 262.53 | 320.60 | OK | |
| r-devel-linux-x86_64-fedora-clang | 1.0.5 | 167.00 | 570.12 | 737.12 | OK | |
| r-devel-linux-x86_64-fedora-gcc | 1.0.5 | 159.00 | 560.88 | 719.88 | OK | |
| r-devel-windows-x86_64 | 1.0.5 | 110.00 | 424.00 | 534.00 | OK | |
| r-patched-linux-x86_64 | 1.0.5 | 90.42 | 351.21 | 441.63 | OK | |
| r-release-linux-x86_64 | 1.0.5 | 88.77 | 356.09 | 444.86 | OK | |
| r-release-macos-arm64 | 1.0.5 | OK | ||||
| r-release-macos-x86_64 | 1.0.5 | 54.00 | 161.00 | 215.00 | OK | |
| r-release-windows-x86_64 | 1.0.5 | 95.00 | 394.00 | 489.00 | OK | |
| r-oldrel-macos-arm64 | 1.0.5 | NOTE | ||||
| r-oldrel-macos-x86_64 | 1.0.5 | 41.00 | 240.00 | 281.00 | NOTE | |
| r-oldrel-windows-x86_64 | 1.0.5 | 121.00 | 552.00 | 673.00 | OK |
Version: 1.0.5
Check: installed package size
Result: NOTE
installed size is 7.0Mb
sub-directories of 1Mb or more:
libs 4.9Mb
Flavors: r-oldrel-macos-arm64, r-oldrel-macos-x86_64
These binaries (installable software) and packages are in development.
They may not be fully stable and should be used with caution. We make no claims about them.