Last updated on 2025-07-27 03:50:11 CEST.
Flavor | Version | Tinstall | Tcheck | Ttotal | Status | Flags |
---|---|---|---|---|---|---|
r-devel-linux-x86_64-debian-clang | 1.0.5 | 84.14 | 406.90 | 491.04 | OK | |
r-devel-linux-x86_64-debian-gcc | 1.0.5 | 59.43 | 321.87 | 381.30 | OK | |
r-devel-linux-x86_64-fedora-clang | 1.0.5 | 812.87 | OK | |||
r-devel-linux-x86_64-fedora-gcc | 1.0.5 | 824.46 | OK | |||
r-devel-windows-x86_64 | 1.0.5 | 99.00 | 502.00 | 601.00 | OK | |
r-patched-linux-x86_64 | 1.0.5 | 90.88 | 404.56 | 495.44 | OK | |
r-release-linux-x86_64 | 1.0.5 | 78.19 | 409.68 | 487.87 | OK | |
r-release-macos-arm64 | 1.0.5 | 171.00 | OK | |||
r-release-macos-x86_64 | 1.0.5 | 215.00 | OK | |||
r-release-windows-x86_64 | 1.0.5 | 93.00 | 478.00 | 571.00 | OK | |
r-oldrel-macos-arm64 | 1.0.5 | 166.00 | NOTE | |||
r-oldrel-macos-x86_64 | 1.0.5 | 281.00 | NOTE | |||
r-oldrel-windows-x86_64 | 1.0.5 | 120.00 | 653.00 | 773.00 | OK |
Version: 1.0.5
Check: installed package size
Result: NOTE
installed size is 7.0Mb
sub-directories of 1Mb or more:
libs 4.9Mb
Flavors: r-oldrel-macos-arm64, r-oldrel-macos-x86_64
These binaries (installable software) and packages are in development.
They may not be fully stable and should be used with caution. We make no claims about them.