Last updated on 2025-11-16 03:50:02 CET.
| Flavor | Version | Tinstall | Tcheck | Ttotal | Status | Flags |
|---|---|---|---|---|---|---|
| r-devel-linux-x86_64-debian-clang | 1.0.1 | 18.71 | 33.02 | 51.73 | NOTE | |
| r-devel-linux-x86_64-debian-gcc | 1.0.1 | 11.92 | 26.20 | 38.12 | NOTE | |
| r-devel-linux-x86_64-fedora-clang | 1.0.1 | 46.00 | 43.61 | 89.61 | OK | |
| r-devel-linux-x86_64-fedora-gcc | 1.0.1 | 45.00 | 35.79 | 80.79 | OK | |
| r-devel-windows-x86_64 | 1.0.1 | 30.00 | 68.00 | 98.00 | OK | |
| r-patched-linux-x86_64 | 1.0.1 | 18.92 | 31.08 | 50.00 | OK | |
| r-release-linux-x86_64 | 1.0.1 | 18.49 | 31.00 | 49.49 | OK | |
| r-release-macos-arm64 | 1.0.1 | 9.00 | 20.00 | 29.00 | OK | |
| r-release-macos-x86_64 | 1.0.1 | 10.00 | 31.00 | 41.00 | OK | |
| r-release-windows-x86_64 | 1.0.1 | 23.00 | 68.00 | 91.00 | OK | |
| r-oldrel-macos-arm64 | 1.0.1 | 10.00 | 20.00 | 30.00 | OK | |
| r-oldrel-macos-x86_64 | 1.0.1 | 9.00 | 27.00 | 36.00 | OK | |
| r-oldrel-windows-x86_64 | 1.0.1 | 24.00 | 84.00 | 108.00 | OK |
Version: 1.0.1
Check: CRAN incoming feasibility
Result: NOTE
Maintainer: ‘Sara Rejeb <sara.rejeb@live.fr>’
The Description field contains
<arXiv:2202.07963>.
Please refer to arXiv e-prints via their arXiv DOI <doi:10.48550/arXiv.YYMM.NNNNN>.
Flavors: r-devel-linux-x86_64-debian-clang, r-devel-linux-x86_64-debian-gcc
These binaries (installable software) and packages are in development.
They may not be fully stable and should be used with caution. We make no claims about them.