Last updated on 2025-10-26 23:50:21 CET.
| Flavor | Version | Tinstall | Tcheck | Ttotal | Status | Flags |
|---|---|---|---|---|---|---|
| r-devel-linux-x86_64-debian-clang | 1.0.1 | 19.17 | 32.58 | 51.75 | NOTE | |
| r-devel-linux-x86_64-debian-gcc | 1.0.1 | 12.70 | 26.01 | 38.71 | NOTE | |
| r-devel-linux-x86_64-fedora-clang | 1.0.1 | 77.00 | 16.12 | 93.12 | OK | |
| r-devel-linux-x86_64-fedora-gcc | 1.0.1 | 46.00 | 34.89 | 80.89 | OK | |
| r-devel-windows-x86_64 | 1.0.1 | 22.00 | 64.00 | 86.00 | OK | |
| r-patched-linux-x86_64 | 1.0.1 | 19.06 | 31.44 | 50.50 | OK | |
| r-release-linux-x86_64 | 1.0.1 | 19.84 | 31.43 | 51.27 | OK | |
| r-release-macos-arm64 | 1.0.1 | 9.00 | 20.00 | 29.00 | OK | |
| r-release-macos-x86_64 | 1.0.1 | 10.00 | 31.00 | 41.00 | OK | |
| r-release-windows-x86_64 | 1.0.1 | 23.00 | 68.00 | 91.00 | OK | |
| r-oldrel-macos-arm64 | 1.0.1 | 10.00 | 20.00 | 30.00 | OK | |
| r-oldrel-macos-x86_64 | 1.0.1 | 9.00 | 27.00 | 36.00 | OK | |
| r-oldrel-windows-x86_64 | 1.0.1 | 24.00 | 85.00 | 109.00 | OK |
Version: 1.0.1
Check: CRAN incoming feasibility
Result: NOTE
Maintainer: ‘Sara Rejeb <sara.rejeb@live.fr>’
The Description field contains
<arXiv:2202.07963>.
Please refer to arXiv e-prints via their arXiv DOI <doi:10.48550/arXiv.YYMM.NNNNN>.
Flavors: r-devel-linux-x86_64-debian-clang, r-devel-linux-x86_64-debian-gcc
These binaries (installable software) and packages are in development.
They may not be fully stable and should be used with caution. We make no claims about them.