Last updated on 2025-05-21 21:49:23 CEST.
Flavor | Version | Tinstall | Tcheck | Ttotal | Status | Flags |
---|---|---|---|---|---|---|
r-devel-linux-x86_64-debian-clang | 1.0.1 | 17.96 | 30.72 | 48.68 | NOTE | |
r-devel-linux-x86_64-debian-gcc | 1.0.1 | 13.09 | 23.78 | 36.87 | NOTE | |
r-devel-linux-x86_64-fedora-clang | 1.0.1 | 89.17 | OK | |||
r-devel-linux-x86_64-fedora-gcc | 1.0.1 | 87.52 | OK | |||
r-devel-windows-x86_64 | 1.0.1 | 23.00 | 75.00 | 98.00 | OK | |
r-patched-linux-x86_64 | 1.0.1 | 18.42 | 29.59 | 48.01 | OK | |
r-release-linux-x86_64 | 1.0.1 | 17.31 | 29.57 | 46.88 | OK | |
r-release-macos-arm64 | 1.0.1 | 29.00 | OK | |||
r-release-macos-x86_64 | 1.0.1 | 41.00 | OK | |||
r-release-windows-x86_64 | 1.0.1 | 22.00 | 82.00 | 104.00 | OK | |
r-oldrel-macos-arm64 | 1.0.1 | 30.00 | OK | |||
r-oldrel-macos-x86_64 | 1.0.1 | 36.00 | OK | |||
r-oldrel-windows-x86_64 | 1.0.1 | 22.00 | 87.00 | 109.00 | OK |
Version: 1.0.1
Check: CRAN incoming feasibility
Result: NOTE
Maintainer: ‘Sara Rejeb <sara.rejeb@live.fr>’
The Description field contains
<arXiv:2202.07963>.
Please refer to arXiv e-prints via their arXiv DOI <doi:10.48550/arXiv.YYMM.NNNNN>.
Flavors: r-devel-linux-x86_64-debian-clang, r-devel-linux-x86_64-debian-gcc
These binaries (installable software) and packages are in development.
They may not be fully stable and should be used with caution. We make no claims about them.