Last updated on 2025-05-01 15:49:36 CEST.
Flavor | Version | Tinstall | Tcheck | Ttotal | Status | Flags |
---|---|---|---|---|---|---|
r-devel-linux-x86_64-debian-clang | 1.5.0 | 32.10 | 558.09 | 590.19 | NOTE | |
r-devel-linux-x86_64-debian-gcc | 1.5.0 | 19.50 | 351.09 | 370.59 | NOTE | |
r-devel-linux-x86_64-fedora-clang | 1.5.0 | 912.06 | NOTE | |||
r-devel-linux-x86_64-fedora-gcc | 1.5.0 | 863.67 | NOTE | |||
r-devel-windows-x86_64 | 1.5.0 | 32.00 | 482.00 | 514.00 | NOTE | |
r-patched-linux-x86_64 | 1.5.0 | 31.86 | 549.11 | 580.97 | NOTE | |
r-release-linux-x86_64 | NOTE | |||||
r-release-macos-arm64 | 1.5.0 | 201.00 | OK | |||
r-release-macos-x86_64 | 1.5.0 | 452.00 | OK | |||
r-release-windows-x86_64 | 1.5.0 | 32.00 | 490.00 | 522.00 | NOTE | |
r-oldrel-macos-arm64 | 1.5.0 | 200.00 | OK | |||
r-oldrel-macos-x86_64 | 1.5.0 | 322.00 | OK | |||
r-oldrel-windows-x86_64 | 1.5.0 | 40.00 | 692.00 | 732.00 | OK |
Version: 1.5.0
Check: Rd cross-references
Result: NOTE
Found the following Rd file(s) with Rd \link{} targets missing package
anchors:
pic.Rd: loo-package
Please provide package anchors for all Rd \link{} targets not in the
package itself and the base packages.
Flavors: r-devel-linux-x86_64-debian-clang, r-devel-linux-x86_64-debian-gcc, r-devel-windows-x86_64, r-patched-linux-x86_64, r-release-linux-x86_64, r-release-windows-x86_64
Version: 1.5.0
Check: examples
Result: NOTE
Examples with CPU (user + system) or elapsed time > 5s
user system elapsed
hurdle 10.828 0.463 14.959
selection 4.804 0.003 6.360
pattern 4.301 0.020 5.744
Flavor: r-devel-linux-x86_64-debian-clang
Version: 1.5.0
Check: examples
Result: NA
user system elapsed
hurdle 7.54 0.372 11.35
OK
Flavor: r-devel-linux-x86_64-debian-gcc
Version: 1.5.0
Check: dependencies in R code
Result: NOTE
Namespace in Imports field not imported from: ‘mcmcr’
All declared Imports should be used.
Flavors: r-devel-linux-x86_64-fedora-clang, r-devel-linux-x86_64-fedora-gcc
These binaries (installable software) and packages are in development.
They may not be fully stable and should be used with caution. We make no claims about them.