Last updated on 2024-07-27 15:50:25 CEST.
Flavor | Version | Tinstall | Tcheck | Ttotal | Status | Flags |
---|---|---|---|---|---|---|
r-devel-linux-x86_64-debian-clang | 1.2.0 | 23.28 | 55.11 | 78.39 | OK | |
r-devel-linux-x86_64-debian-gcc | 1.2.0 | NOTE | ||||
r-devel-linux-x86_64-fedora-clang | 1.2.0 | 125.74 | OK | |||
r-devel-linux-x86_64-fedora-gcc | 1.2.0 | 125.40 | OK | |||
r-devel-windows-x86_64 | 1.2.0 | 26.00 | 76.00 | 102.00 | NOTE | |
r-patched-linux-x86_64 | 1.2.0 | OK | ||||
r-release-linux-x86_64 | 1.2.0 | 23.68 | 53.52 | 77.20 | OK | |
r-release-macos-arm64 | 1.2.0 | 38.00 | NOTE | |||
r-release-macos-x86_64 | 1.2.0 | 59.00 | NOTE | |||
r-release-windows-x86_64 | 1.2.0 | 31.00 | 83.00 | 114.00 | OK | |
r-oldrel-macos-arm64 | 1.2.0 | 39.00 | NOTE | |||
r-oldrel-macos-x86_64 | 1.2.0 | 62.00 | NOTE | |||
r-oldrel-windows-x86_64 | 1.2.0 | 30.00 | 92.00 | 122.00 | OK |
Version: 1.2.0
Check: Rd cross-references
Result: NOTE
Found the following Rd file(s) with Rd \link{} targets missing package
anchors:
cv.missoNet.Rd: glasso
missoNet.Rd: glasso
Please provide package anchors for all Rd \link{} targets not in the
package itself and the base packages.
Flavors: r-devel-linux-x86_64-debian-gcc, r-devel-windows-x86_64
Version: 1.2.0
Check: installed package size
Result: NOTE
installed size is 5.4Mb
sub-directories of 1Mb or more:
doc 2.4Mb
extdata 1.2Mb
libs 1.6Mb
Flavors: r-release-macos-arm64, r-release-macos-x86_64, r-oldrel-macos-arm64, r-oldrel-macos-x86_64
These binaries (installable software) and packages are in development.
They may not be fully stable and should be used with caution. We make no claims about them.