Last updated on 2025-02-16 08:50:54 CET.
Flavor | Version | Tinstall | Tcheck | Ttotal | Status | Flags |
---|---|---|---|---|---|---|
r-devel-linux-x86_64-debian-clang | 0.4-5 | 15.37 | 167.54 | 182.91 | OK | |
r-devel-linux-x86_64-debian-gcc | 0.4-5 | 10.80 | 112.84 | 123.64 | OK | |
r-devel-linux-x86_64-fedora-clang | 0.4-5 | 285.85 | OK | |||
r-devel-linux-x86_64-fedora-gcc | 0.4-5 | 278.94 | OK | |||
r-devel-macos-arm64 | 0.4-5 | 86.00 | OK | |||
r-devel-macos-x86_64 | 0.4-5 | 157.00 | OK | |||
r-devel-windows-x86_64 | 0.4-5 | 14.00 | 162.00 | 176.00 | OK | |
r-patched-linux-x86_64 | 0.4-5 | 16.06 | 149.34 | 165.40 | OK | |
r-release-linux-x86_64 | 0.4-5 | 14.11 | 149.78 | 163.89 | OK | |
r-release-macos-arm64 | 0.4-5 | 83.00 | OK | |||
r-release-macos-x86_64 | 0.4-5 | 122.00 | OK | |||
r-release-windows-x86_64 | 0.4-5 | 14.00 | 163.00 | 177.00 | OK | |
r-oldrel-macos-arm64 | 0.4-5 | 93.00 | OK | |||
r-oldrel-macos-x86_64 | 0.4-5 | 119.00 | NOTE | |||
r-oldrel-windows-x86_64 | 0.4-5 | 20.00 | 193.00 | 213.00 | OK |
Version: 0.4-5
Check: package dependencies
Result: NOTE
Package suggested but not available for checking: ‘glmmTMB’
Flavor: r-oldrel-macos-x86_64
These binaries (installable software) and packages are in development.
They may not be fully stable and should be used with caution. We make no claims about them.