Last updated on 2025-02-16 08:50:54 CET.
Flavor | Version | Tinstall | Tcheck | Ttotal | Status | Flags |
---|---|---|---|---|---|---|
r-devel-linux-x86_64-debian-clang | 2.4 | 2.45 | 30.85 | 33.30 | NOTE | |
r-devel-linux-x86_64-debian-gcc | 2.4 | 2.04 | 24.44 | 26.48 | NOTE | |
r-devel-linux-x86_64-fedora-clang | 2.4 | 53.88 | NOTE | |||
r-devel-linux-x86_64-fedora-gcc | 2.4 | 64.08 | NOTE | |||
r-devel-macos-arm64 | 2.4 | 26.00 | NOTE | |||
r-devel-macos-x86_64 | 2.4 | 60.00 | NOTE | |||
r-devel-windows-x86_64 | 2.4 | 4.00 | 66.00 | 70.00 | NOTE | |
r-patched-linux-x86_64 | 2.4 | 2.39 | 29.51 | 31.90 | NOTE | |
r-release-linux-x86_64 | 2.4 | 1.91 | 29.74 | 31.65 | NOTE | |
r-release-macos-arm64 | 2.4 | 30.00 | NOTE | |||
r-release-macos-x86_64 | 2.4 | 40.00 | NOTE | |||
r-release-windows-x86_64 | 2.4 | 4.00 | 63.00 | 67.00 | NOTE | |
r-oldrel-macos-arm64 | 2.4 | 28.00 | OK | |||
r-oldrel-macos-x86_64 | 2.4 | 40.00 | OK | |||
r-oldrel-windows-x86_64 | 2.4 | 5.00 | 61.00 | 66.00 | OK |
Version: 2.4
Check: Rd files
Result: NOTE
checkRd: (-1) PV.Rd:14: Lost braces
14 | plausible value in turn; with code{rewrite=FALSE} a new data set is
| ^
Flavors: r-devel-linux-x86_64-debian-clang, r-devel-linux-x86_64-debian-gcc, r-devel-linux-x86_64-fedora-clang, r-devel-linux-x86_64-fedora-gcc, r-devel-macos-arm64, r-devel-macos-x86_64, r-devel-windows-x86_64, r-patched-linux-x86_64, r-release-linux-x86_64, r-release-macos-arm64, r-release-macos-x86_64, r-release-windows-x86_64
These binaries (installable software) and packages are in development.
They may not be fully stable and should be used with caution. We make no claims about them.