CRAN Package Check Results for Package mitools

Last updated on 2025-05-29 01:49:35 CEST.

Flavor Version Tinstall Tcheck Ttotal Status Flags
r-devel-linux-x86_64-debian-clang 2.4 2.80 31.55 34.35 NOTE
r-devel-linux-x86_64-debian-gcc 2.4 1.97 24.77 26.74 NOTE
r-devel-linux-x86_64-fedora-clang 2.4 52.74 NOTE
r-devel-linux-x86_64-fedora-gcc 2.4 63.99 NOTE
r-devel-windows-x86_64 2.4 6.00 60.00 66.00 NOTE
r-patched-linux-x86_64 2.4 2.91 30.45 33.36 NOTE
r-release-linux-x86_64 2.4 2.56 30.33 32.89 NOTE
r-release-macos-arm64 2.4 27.00 NOTE
r-release-macos-x86_64 2.4 80.00 NOTE
r-release-windows-x86_64 2.4 3.00 63.00 66.00 NOTE
r-oldrel-macos-arm64 2.4 30.00 NOTE
r-oldrel-macos-x86_64 2.4 40.00 NOTE
r-oldrel-windows-x86_64 2.4 5.00 108.00 113.00 NOTE

Check Details

Version: 2.4
Check: CRAN incoming feasibility
Result: NOTE Maintainer: ‘Thomas Lumley <t.lumley@auckland.ac.nz>’ No Authors@R field in DESCRIPTION. Please add one, modifying Authors@R: person(given = "Thomas", family = "Lumley", role = c("aut", "cre"), email = "t.lumley@auckland.ac.nz") as necessary. Flavors: r-devel-linux-x86_64-debian-clang, r-devel-linux-x86_64-debian-gcc

Version: 2.4
Check: Rd files
Result: NOTE checkRd: (-1) PV.Rd:14: Lost braces 14 | plausible value in turn; with code{rewrite=FALSE} a new data set is | ^ Flavors: r-devel-linux-x86_64-debian-clang, r-devel-linux-x86_64-debian-gcc, r-devel-linux-x86_64-fedora-clang, r-devel-linux-x86_64-fedora-gcc, r-devel-windows-x86_64, r-patched-linux-x86_64, r-release-linux-x86_64, r-release-macos-arm64, r-release-macos-x86_64, r-release-windows-x86_64, r-oldrel-macos-arm64, r-oldrel-macos-x86_64, r-oldrel-windows-x86_64

These binaries (installable software) and packages are in development.
They may not be fully stable and should be used with caution. We make no claims about them.