CRAN Package Check Results for Package mixRaschTools

Last updated on 2025-05-02 12:51:25 CEST.

Flavor Version Tinstall Tcheck Ttotal Status Flags
r-devel-linux-x86_64-debian-clang 1.1.1 1.61 17.14 18.75 OK
r-devel-linux-x86_64-debian-gcc 1.1.1 1.28 14.39 15.67 OK
r-devel-linux-x86_64-fedora-clang 1.1.1 30.53 OK
r-devel-linux-x86_64-fedora-gcc 1.1.1 29.62 OK
r-devel-windows-x86_64 1.1.1 3.00 40.00 43.00 OK
r-patched-linux-x86_64 1.1.1 1.63 16.54 18.17 OK
r-release-linux-x86_64 OK
r-release-macos-arm64 1.1.1 15.00 OK
r-release-macos-x86_64 1.1.1 22.00 OK
r-release-windows-x86_64 1.1.1 2.00 45.00 47.00 OK
r-oldrel-macos-arm64 1.1.1 14.00 NOTE
r-oldrel-macos-x86_64 1.1.1 27.00 NOTE
r-oldrel-windows-x86_64 1.1.1 2.00 39.00 41.00 NOTE

Check Details

Version: 1.1.1
Check: package dependencies
Result: NOTE Package suggested but not available for checking: ‘mixRasch’ Flavors: r-oldrel-macos-arm64, r-oldrel-macos-x86_64, r-oldrel-windows-x86_64

These binaries (installable software) and packages are in development.
They may not be fully stable and should be used with caution. We make no claims about them.