CRAN Package Check Results for Package mixbox

Last updated on 2025-11-11 15:50:39 CET.

Flavor Version Tinstall Tcheck Ttotal Status Flags
r-devel-linux-x86_64-debian-clang 1.2.3 5.93 40.99 46.92 NOTE
r-devel-linux-x86_64-debian-gcc 1.2.3 4.50 28.89 33.39 NOTE
r-devel-linux-x86_64-fedora-clang 1.2.3 15.00 57.47 72.47 OK
r-devel-linux-x86_64-fedora-gcc 1.2.3 15.00 53.25 68.25 OK
r-devel-windows-x86_64 1.2.3 8.00 54.00 62.00 OK
r-patched-linux-x86_64 1.2.3 7.02 38.28 45.30 OK
r-release-linux-x86_64 1.2.3 5.71 39.38 45.09 OK
r-release-macos-arm64 1.2.3 3.00 22.00 25.00 OK
r-release-macos-x86_64 1.2.3 10.00 50.00 60.00 OK
r-release-windows-x86_64 1.2.3 7.00 56.00 63.00 OK
r-oldrel-macos-arm64 1.2.3 3.00 19.00 22.00 OK
r-oldrel-macos-x86_64 1.2.3 9.00 43.00 52.00 OK
r-oldrel-windows-x86_64 1.2.3 8.00 64.00 72.00 OK

Check Details

Version: 1.2.3
Check: CRAN incoming feasibility
Result: NOTE Maintainer: ‘Mahdi Teimouri <teimouri@aut.ac.ir>’ No Authors@R field in DESCRIPTION. Please add one, modifying Authors@R: person(given = "Mahdi", family = "Teimouri", role = c("aut", "cre", "cph", "ctb"), email = "teimouri@aut.ac.ir", comment = c(ORCID = "0000-0002-5371-9364")) as necessary. Flavors: r-devel-linux-x86_64-debian-clang, r-devel-linux-x86_64-debian-gcc

These binaries (installable software) and packages are in development.
They may not be fully stable and should be used with caution. We make no claims about them.