Last updated on 2024-07-27 15:50:26 CEST.
Flavor | Version | Tinstall | Tcheck | Ttotal | Status | Flags |
---|---|---|---|---|---|---|
r-devel-linux-x86_64-debian-clang | 0.1.2 | 326.96 | 58.33 | 385.29 | OK | |
r-devel-linux-x86_64-debian-gcc | 0.1.2 | OK | ||||
r-devel-linux-x86_64-fedora-clang | 0.1.2 | 615.89 | OK | |||
r-devel-linux-x86_64-fedora-gcc | 0.1.2 | 574.51 | OK | |||
r-devel-windows-x86_64 | 0.1.2 | 226.00 | 83.00 | 309.00 | OK | |
r-patched-linux-x86_64 | 0.1.2 | OK | ||||
r-release-linux-x86_64 | 0.1.2 | 248.09 | 50.21 | 298.30 | OK | |
r-release-macos-arm64 | 0.1.2 | 103.00 | NOTE | |||
r-release-macos-x86_64 | 0.1.2 | 106.00 | NOTE | |||
r-release-windows-x86_64 | 0.1.2 | 271.00 | 84.00 | 355.00 | OK | |
r-oldrel-macos-arm64 | 0.1.2 | 111.00 | NOTE | |||
r-oldrel-macos-x86_64 | 0.1.2 | 134.00 | NOTE | |||
r-oldrel-windows-x86_64 | 0.1.2 | 266.00 | 96.00 | 362.00 | OK |
Version: 0.1.2
Check: installed package size
Result: NOTE
installed size is 13.1Mb
sub-directories of 1Mb or more:
libs 13.0Mb
Flavors: r-release-macos-arm64, r-release-macos-x86_64, r-oldrel-macos-arm64, r-oldrel-macos-x86_64
These binaries (installable software) and packages are in development.
They may not be fully stable and should be used with caution. We make no claims about them.