Last updated on 2025-02-16 08:50:54 CET.
Flavor | Version | Tinstall | Tcheck | Ttotal | Status | Flags |
---|---|---|---|---|---|---|
r-devel-linux-x86_64-debian-clang | 1.6.2 | 23.89 | 75.34 | 99.23 | NOTE | |
r-devel-linux-x86_64-debian-gcc | 1.6.2 | 16.89 | 54.50 | 71.39 | NOTE | |
r-devel-linux-x86_64-fedora-clang | 1.6.2 | 177.80 | NOTE | |||
r-devel-linux-x86_64-fedora-gcc | 1.6.2 | 163.18 | NOTE | |||
r-devel-macos-arm64 | 1.6.2 | 48.00 | NOTE | |||
r-devel-macos-x86_64 | 1.6.2 | 92.00 | NOTE | |||
r-devel-windows-x86_64 | 1.6.2 | 26.00 | 109.00 | 135.00 | NOTE | |
r-patched-linux-x86_64 | 1.6.2 | 23.04 | 69.67 | 92.71 | NOTE | |
r-release-linux-x86_64 | 1.6.2 | 20.20 | 68.77 | 88.97 | NOTE | |
r-release-macos-arm64 | 1.6.2 | 49.00 | NOTE | |||
r-release-macos-x86_64 | 1.6.2 | 74.00 | NOTE | |||
r-release-windows-x86_64 | 1.6.2 | 27.00 | 112.00 | 139.00 | NOTE | |
r-oldrel-macos-arm64 | 1.6.2 | 55.00 | NOTE | |||
r-oldrel-macos-x86_64 | 1.6.2 | 96.00 | NOTE | |||
r-oldrel-windows-x86_64 | 1.6.2 | 35.00 | 156.00 | 191.00 | NOTE |
Version: 1.6.2
Check: C++ specification
Result: NOTE
Specified C++11: please drop specification unless essential
Flavors: r-devel-linux-x86_64-debian-clang, r-devel-linux-x86_64-debian-gcc, r-devel-linux-x86_64-fedora-clang, r-devel-linux-x86_64-fedora-gcc, r-devel-macos-arm64, r-devel-macos-x86_64, r-devel-windows-x86_64, r-patched-linux-x86_64, r-release-linux-x86_64, r-release-macos-arm64, r-release-macos-x86_64, r-release-windows-x86_64, r-oldrel-macos-arm64, r-oldrel-macos-x86_64, r-oldrel-windows-x86_64
Version: 1.6.2
Check: Rd files
Result: NOTE
checkRd: (-1) GenerateData.Rd:53: Lost braces in \itemize; \value handles \item{}{} directly
checkRd: (-1) GenerateData.Rd:54: Lost braces in \itemize; \value handles \item{}{} directly
checkRd: (-1) GenerateData.Rd:55: Lost braces in \itemize; \value handles \item{}{} directly
checkRd: (-1) GenerateData.Rd:56: Lost braces in \itemize; \value handles \item{}{} directly
checkRd: (-1) GenerateData.Rd:57: Lost braces in \itemize; \value handles \item{}{} directly
checkRd: (-1) GenerateData.Rd:58: Lost braces in \itemize; \value handles \item{}{} directly
checkRd: (-1) GenerateData.Rd:59: Lost braces in \itemize; \value handles \item{}{} directly
checkRd: (-1) GenerateData.Rd:60: Lost braces in \itemize; \value handles \item{}{} directly
checkRd: (-1) GenerateData.Rd:61: Lost braces in \itemize; \value handles \item{}{} directly
checkRd: (-1) GenerateData.Rd:62: Lost braces in \itemize; \value handles \item{}{} directly
checkRd: (-1) GenerateData.Rd:63: Lost braces in \itemize; \value handles \item{}{} directly
checkRd: (-1) estimateR.Rd:56: Lost braces in \itemize; \value handles \item{}{} directly
checkRd: (-1) estimateR.Rd:57: Lost braces in \itemize; \value handles \item{}{} directly
checkRd: (-1) estimateR.Rd:62: Lost braces in \itemize; \value handles \item{}{} directly
checkRd: (-1) estimateR.Rd:63: Lost braces in \itemize; \value handles \item{}{} directly
checkRd: (-1) estimateR.Rd:64: Lost braces in \itemize; \value handles \item{}{} directly
checkRd: (-1) estimateR.Rd:65: Lost braces in \itemize; \value handles \item{}{} directly
checkRd: (-1) estimateR.Rd:66: Lost braces in \itemize; \value handles \item{}{} directly
checkRd: (-1) estimateR.Rd:67: Lost braces in \itemize; \value handles \item{}{} directly
checkRd: (-1) find_w12bic.Rd:53: Lost braces in \itemize; \value handles \item{}{} directly
checkRd: (-1) find_w12bic.Rd:54: Lost braces in \itemize; \value handles \item{}{} directly
checkRd: (-1) find_w12bic.Rd:55: Lost braces in \itemize; \value handles \item{}{} directly
checkRd: (-1) find_w12bic.Rd:56: Lost braces in \itemize; \value handles \item{}{} directly
checkRd: (-1) find_w12bic.Rd:57: Lost braces in \itemize; \value handles \item{}{} directly
checkRd: (-1) find_w12bic.Rd:58: Lost braces in \itemize; \value handles \item{}{} directly
checkRd: (-1) find_w12bic.Rd:59: Lost braces in \itemize; \value handles \item{}{} directly
checkRd: (-1) mixedCCA.Rd:62: Lost braces in \itemize; \value handles \item{}{} directly
checkRd: (-1) mixedCCA.Rd:63: Lost braces in \itemize; \value handles \item{}{} directly
checkRd: (-1) mixedCCA.Rd:64: Lost braces in \itemize; \value handles \item{}{} directly
checkRd: (-1) mixedCCA.Rd:65: Lost braces in \itemize; \value handles \item{}{} directly
checkRd: (-1) mixedCCA.Rd:66: Lost braces in \itemize; \value handles \item{}{} directly
checkRd: (-1) mixedCCA.Rd:67: Lost braces in \itemize; \value handles \item{}{} directly
checkRd: (-1) myrcc.Rd:25: Lost braces in \itemize; \value handles \item{}{} directly
checkRd: (-1) myrcc.Rd:26: Lost braces in \itemize; \value handles \item{}{} directly
checkRd: (-1) myrcc.Rd:27: Lost braces in \itemize; \value handles \item{}{} directly
checkRd: (-1) standardCCA.Rd:21: Lost braces in \itemize; \value handles \item{}{} directly
checkRd: (-1) standardCCA.Rd:22: Lost braces in \itemize; \value handles \item{}{} directly
checkRd: (-1) standardCCA.Rd:23: Lost braces in \itemize; \value handles \item{}{} directly
Flavors: r-devel-linux-x86_64-debian-clang, r-devel-linux-x86_64-debian-gcc, r-devel-linux-x86_64-fedora-clang, r-devel-linux-x86_64-fedora-gcc, r-devel-macos-arm64, r-devel-macos-x86_64, r-devel-windows-x86_64, r-patched-linux-x86_64, r-release-linux-x86_64, r-release-macos-arm64, r-release-macos-x86_64, r-release-windows-x86_64
These binaries (installable software) and packages are in development.
They may not be fully stable and should be used with caution. We make no claims about them.