Last updated on 2025-11-13 01:50:26 CET.
| Flavor | Version | Tinstall | Tcheck | Ttotal | Status | Flags |
|---|---|---|---|---|---|---|
| r-devel-linux-x86_64-debian-clang | 1.2.7.1 | 8.14 | 41.41 | 49.55 | NOTE | |
| r-devel-linux-x86_64-debian-gcc | 1.2.7.1 | 4.98 | 29.52 | 34.50 | NOTE | |
| r-devel-linux-x86_64-fedora-clang | 1.2.7.1 | 18.00 | 55.96 | 73.96 | NOTE | |
| r-devel-linux-x86_64-fedora-gcc | 1.2.7.1 | 16.00 | 53.49 | 69.49 | NOTE | |
| r-devel-windows-x86_64 | 1.2.7.1 | 10.00 | 57.00 | 67.00 | NOTE | |
| r-patched-linux-x86_64 | 1.2.7.1 | 8.11 | 39.36 | 47.47 | NOTE | |
| r-release-linux-x86_64 | 1.2.7.1 | 7.58 | 38.44 | 46.02 | NOTE | |
| r-release-macos-arm64 | 1.2.7.1 | 6.00 | 24.00 | 30.00 | NOTE | |
| r-release-macos-x86_64 | 1.2.7.1 | 9.00 | 42.00 | 51.00 | NOTE | |
| r-release-windows-x86_64 | 1.2.7.1 | 11.00 | 59.00 | 70.00 | NOTE | |
| r-oldrel-macos-arm64 | 1.2.7.1 | 4.00 | 21.00 | 25.00 | NOTE | |
| r-oldrel-macos-x86_64 | 1.2.7.1 | 12.00 | 35.00 | 47.00 | NOTE | |
| r-oldrel-windows-x86_64 | 1.2.7.1 | 14.00 | 71.00 | 85.00 | NOTE |
Version: 1.2.7.1
Check: Rd files
Result: NOTE
checkRd: (-1) SLD.Rd:20: Escaped LaTeX specials: \&
Flavors: r-devel-linux-x86_64-debian-clang, r-devel-linux-x86_64-debian-gcc, r-devel-linux-x86_64-fedora-clang, r-devel-linux-x86_64-fedora-gcc, r-devel-windows-x86_64, r-patched-linux-x86_64, r-release-linux-x86_64, r-release-macos-arm64, r-release-macos-x86_64, r-release-windows-x86_64, r-oldrel-macos-arm64, r-oldrel-macos-x86_64, r-oldrel-windows-x86_64
These binaries (installable software) and packages are in development.
They may not be fully stable and should be used with caution. We make no claims about them.