Last updated on 2025-02-16 08:50:54 CET.
Flavor | Version | Tinstall | Tcheck | Ttotal | Status | Flags |
---|---|---|---|---|---|---|
r-devel-linux-x86_64-debian-clang | 1.2.0 | 4.92 | 64.64 | 69.56 | NOTE | |
r-devel-linux-x86_64-debian-gcc | 1.2.0 | 3.27 | 42.14 | 45.41 | NOTE | |
r-devel-linux-x86_64-fedora-clang | 1.2.0 | 113.72 | NOTE | |||
r-devel-linux-x86_64-fedora-gcc | 1.2.0 | 102.09 | NOTE | |||
r-devel-macos-arm64 | 1.2.0 | 27.00 | NOTE | |||
r-devel-macos-x86_64 | 1.2.0 | 55.00 | NOTE | |||
r-devel-windows-x86_64 | 1.2.0 | 7.00 | 82.00 | 89.00 | NOTE | |
r-patched-linux-x86_64 | 1.2.0 | 5.60 | 58.55 | 64.15 | NOTE | |
r-release-linux-x86_64 | 1.2.0 | 4.61 | 57.59 | 62.20 | NOTE | |
r-release-macos-arm64 | 1.2.0 | 30.00 | NOTE | |||
r-release-macos-x86_64 | 1.2.0 | 42.00 | NOTE | |||
r-release-windows-x86_64 | 1.2.0 | 7.00 | 87.00 | 94.00 | NOTE | |
r-oldrel-macos-arm64 | 1.2.0 | 30.00 | NOTE | |||
r-oldrel-macos-x86_64 | 1.2.0 | 51.00 | NOTE | |||
r-oldrel-windows-x86_64 | 1.2.0 | 8.00 | 94.00 | 102.00 | NOTE |
Version: 1.2.0
Check: Rd files
Result: NOTE
checkRd: (-1) mixmeta-package.Rd:115: Escaped LaTeX specials: \&
checkRd: (-1) mixmeta.ml.Rd:56: Escaped LaTeX specials: \&
checkRd: (-1) ml.igls.Rd:62: Escaped LaTeX specials: \&
Flavors: r-devel-linux-x86_64-debian-clang, r-devel-linux-x86_64-debian-gcc, r-devel-linux-x86_64-fedora-clang, r-devel-linux-x86_64-fedora-gcc, r-devel-macos-arm64, r-devel-macos-x86_64, r-devel-windows-x86_64, r-patched-linux-x86_64, r-release-linux-x86_64, r-release-macos-arm64, r-release-macos-x86_64, r-release-windows-x86_64, r-oldrel-macos-arm64, r-oldrel-macos-x86_64, r-oldrel-windows-x86_64
These binaries (installable software) and packages are in development.
They may not be fully stable and should be used with caution. We make no claims about them.