Last updated on 2024-07-27 15:50:26 CEST.
Flavor | Version | Tinstall | Tcheck | Ttotal | Status | Flags |
---|---|---|---|---|---|---|
r-devel-linux-x86_64-debian-clang | 1.2.0 | 6.60 | 83.82 | 90.42 | NOTE | |
r-devel-linux-x86_64-debian-gcc | 1.2.0 | NOTE | ||||
r-devel-linux-x86_64-fedora-clang | 1.2.0 | 116.72 | NOTE | |||
r-devel-linux-x86_64-fedora-gcc | 1.2.0 | 100.77 | NOTE | |||
r-devel-windows-x86_64 | 1.2.0 | 7.00 | 84.00 | 91.00 | NOTE | |
r-patched-linux-x86_64 | 1.2.0 | NOTE | ||||
r-release-linux-x86_64 | 1.2.0 | 4.97 | 80.71 | 85.68 | NOTE | |
r-release-macos-arm64 | 1.2.0 | 27.00 | NOTE | |||
r-release-macos-x86_64 | 1.2.0 | 42.00 | NOTE | |||
r-release-windows-x86_64 | 1.2.0 | 6.00 | 81.00 | 87.00 | NOTE | |
r-oldrel-macos-arm64 | 1.2.0 | 30.00 | NOTE | |||
r-oldrel-macos-x86_64 | 1.2.0 | 51.00 | NOTE | |||
r-oldrel-windows-x86_64 | 1.2.0 | 7.00 | 103.00 | 110.00 | NOTE |
Version: 1.2.0
Check: Rd files
Result: NOTE
checkRd: (-1) mixmeta-package.Rd:115: Escaped LaTeX specials: \&
checkRd: (-1) mixmeta.ml.Rd:56: Escaped LaTeX specials: \&
checkRd: (-1) ml.igls.Rd:62: Escaped LaTeX specials: \&
Flavors: r-devel-linux-x86_64-debian-clang, r-devel-linux-x86_64-debian-gcc, r-devel-linux-x86_64-fedora-clang, r-devel-linux-x86_64-fedora-gcc, r-devel-windows-x86_64, r-patched-linux-x86_64, r-release-linux-x86_64, r-release-macos-arm64, r-release-macos-x86_64, r-release-windows-x86_64, r-oldrel-macos-arm64, r-oldrel-macos-x86_64, r-oldrel-windows-x86_64
Version: 1.2.0
Check: Rd cross-references
Result: NOTE
Undeclared package ‘mvmeta’ in Rd xrefs
Flavor: r-devel-linux-x86_64-fedora-clang
These binaries (installable software) and packages are in development.
They may not be fully stable and should be used with caution. We make no claims about them.