CRAN Package Check Results for Package mixmeta

Last updated on 2025-10-03 07:49:47 CEST.

Flavor Version Tinstall Tcheck Ttotal Status Flags
r-devel-linux-x86_64-debian-clang 1.2.0 4.99 67.04 72.03 NOTE
r-devel-linux-x86_64-debian-gcc 1.2.0 3.49 44.19 47.68 NOTE
r-devel-linux-x86_64-fedora-clang 1.2.0 109.70 NOTE
r-devel-linux-x86_64-fedora-gcc 1.2.0 104.82 NOTE
r-devel-windows-x86_64 1.2.0 7.00 84.00 91.00 NOTE
r-patched-linux-x86_64 1.2.0 6.87 62.08 68.95 NOTE
r-release-linux-x86_64 1.2.0 4.58 61.95 66.53 NOTE
r-release-macos-arm64 1.2.0 28.00 NOTE
r-release-macos-x86_64 1.2.0 58.00 NOTE
r-release-windows-x86_64 1.2.0 6.00 86.00 92.00 NOTE
r-oldrel-macos-arm64 1.2.0 30.00 NOTE
r-oldrel-macos-x86_64 1.2.0 42.00 NOTE
r-oldrel-windows-x86_64 1.2.0 7.00 99.00 106.00 NOTE

Check Details

Version: 1.2.0
Check: CRAN incoming feasibility
Result: NOTE Maintainer: ‘Antonio Gasparrini <antonio.gasparrini@lshtm.ac.uk>’ Package CITATION file contains call(s) to old-style personList() or as.personList(). Please use c() on person objects instead. Package CITATION file contains call(s) to old-style citEntry(). Please use bibentry() instead. Flavors: r-devel-linux-x86_64-debian-clang, r-devel-linux-x86_64-debian-gcc

Version: 1.2.0
Check: Rd files
Result: NOTE checkRd: (-1) mixmeta-package.Rd:115: Escaped LaTeX specials: \& checkRd: (-1) mixmeta.ml.Rd:56: Escaped LaTeX specials: \& checkRd: (-1) ml.igls.Rd:62: Escaped LaTeX specials: \& Flavors: r-devel-linux-x86_64-debian-clang, r-devel-linux-x86_64-debian-gcc, r-devel-linux-x86_64-fedora-clang, r-devel-linux-x86_64-fedora-gcc, r-devel-windows-x86_64, r-patched-linux-x86_64, r-release-linux-x86_64, r-release-macos-arm64, r-release-macos-x86_64, r-release-windows-x86_64, r-oldrel-macos-arm64, r-oldrel-macos-x86_64, r-oldrel-windows-x86_64

These binaries (installable software) and packages are in development.
They may not be fully stable and should be used with caution. We make no claims about them.