Last updated on 2025-05-28 21:50:13 CEST.
Flavor | Version | Tinstall | Tcheck | Ttotal | Status | Flags |
---|---|---|---|---|---|---|
r-devel-linux-x86_64-debian-clang | 2.0.0.1 | 29.79 | 257.45 | 287.24 | NOTE | |
r-devel-linux-x86_64-debian-gcc | 2.0.0.1 | 22.19 | 167.21 | 189.40 | NOTE | |
r-devel-linux-x86_64-fedora-clang | 2.0.0.1 | 454.59 | OK | |||
r-devel-linux-x86_64-fedora-gcc | 2.0.0.1 | 442.48 | OK | |||
r-devel-windows-x86_64 | 2.0.0.1 | 34.00 | 316.00 | 350.00 | OK | |
r-patched-linux-x86_64 | 2.0.0.1 | 32.73 | 240.23 | 272.96 | OK | |
r-release-linux-x86_64 | 2.0.0.1 | 27.07 | 238.27 | 265.34 | OK | |
r-release-macos-arm64 | 2.0.0.1 | 109.00 | OK | |||
r-release-macos-x86_64 | 2.0.0.1 | 244.00 | OK | |||
r-release-windows-x86_64 | 2.0.0.1 | 36.00 | 324.00 | 360.00 | OK | |
r-oldrel-macos-arm64 | 2.0.0.1 | 111.00 | OK | |||
r-oldrel-macos-x86_64 | 2.0.0.1 | 217.00 | OK | |||
r-oldrel-windows-x86_64 | 2.0.0.1 | 47.00 | 415.00 | 462.00 | OK |
Version: 2.0.0.1
Check: CRAN incoming feasibility
Result: NOTE
Maintainer: ‘Derek Young <derek.young@uky.edu>’
Package CITATION file contains call(s) to old-style personList() or
as.personList(). Please use c() on person objects instead.
Package CITATION file contains call(s) to old-style citEntry(). Please
use bibentry() instead.
Flavors: r-devel-linux-x86_64-debian-clang, r-devel-linux-x86_64-debian-gcc
These binaries (installable software) and packages are in development.
They may not be fully stable and should be used with caution. We make no claims about them.