CRAN Package Check Results for Package mixture

Last updated on 2025-10-23 21:51:33 CEST.

Flavor Version Tinstall Tcheck Ttotal Status Flags
r-devel-linux-x86_64-debian-clang 2.1.2 77.68 41.51 119.19 OK
r-devel-linux-x86_64-debian-gcc 2.1.2 50.32 30.73 81.05 OK
r-devel-linux-x86_64-fedora-clang 2.1.2 179.00 10.98 189.98 OK
r-devel-linux-x86_64-fedora-gcc 2.1.2 180.00 20.06 200.06 OK
r-devel-windows-x86_64 2.1.2 73.00 79.00 152.00 OK
r-patched-linux-x86_64 2.1.2 73.80 39.22 113.02 OK
r-release-linux-x86_64 2.1.2 69.96 38.64 108.60 OK
r-release-macos-arm64 2.1.2 33.00 47.00 80.00 OK
r-release-macos-x86_64 2.1.2 87.00 48.00 135.00 OK
r-release-windows-x86_64 2.1.2 75.00 79.00 154.00 OK
r-oldrel-macos-arm64 2.1.2 36.00 36.00 72.00 NOTE
r-oldrel-macos-x86_64 2.1.2 84.00 50.00 134.00 NOTE
r-oldrel-windows-x86_64 2.1.2 89.00 105.00 194.00 OK

Check Details

Version: 2.1.2
Check: installed package size
Result: NOTE installed size is 11.9Mb sub-directories of 1Mb or more: libs 11.6Mb Flavors: r-oldrel-macos-arm64, r-oldrel-macos-x86_64

These binaries (installable software) and packages are in development.
They may not be fully stable and should be used with caution. We make no claims about them.