CRAN Package Check Results for Package mixture

Last updated on 2025-11-13 01:50:26 CET.

Flavor Version Tinstall Tcheck Ttotal Status Flags
r-devel-linux-x86_64-debian-clang 2.1.2 78.26 40.80 119.06 OK
r-devel-linux-x86_64-debian-gcc 2.1.2 49.34 30.27 79.61 OK
r-devel-linux-x86_64-fedora-clang 2.1.2 155.00 32.40 187.40 OK
r-devel-linux-x86_64-fedora-gcc 2.1.2 182.00 13.84 195.84 OK
r-devel-windows-x86_64 2.1.2 74.00 77.00 151.00 OK
r-patched-linux-x86_64 2.1.2 72.28 39.19 111.47 OK
r-release-linux-x86_64 2.1.2 70.08 38.83 108.91 OK
r-release-macos-arm64 2.1.2 33.00 47.00 80.00 OK
r-release-macos-x86_64 2.1.2 87.00 48.00 135.00 OK
r-release-windows-x86_64 2.1.2 74.00 78.00 152.00 OK
r-oldrel-macos-arm64 2.1.2 36.00 36.00 72.00 NOTE
r-oldrel-macos-x86_64 2.1.2 84.00 50.00 134.00 NOTE
r-oldrel-windows-x86_64 2.1.2 89.00 98.00 187.00 OK

Check Details

Version: 2.1.2
Check: installed package size
Result: NOTE installed size is 11.9Mb sub-directories of 1Mb or more: libs 11.6Mb Flavors: r-oldrel-macos-arm64, r-oldrel-macos-x86_64

These binaries (installable software) and packages are in development.
They may not be fully stable and should be used with caution. We make no claims about them.