Last updated on 2025-07-17 01:49:53 CEST.
Flavor | Version | Tinstall | Tcheck | Ttotal | Status | Flags |
---|---|---|---|---|---|---|
r-devel-linux-x86_64-debian-clang | 0.2.2 | 63.20 | 864.35 | 927.55 | OK | |
r-devel-linux-x86_64-debian-gcc | 0.2.2 | 45.75 | 541.55 | 587.30 | OK | |
r-devel-linux-x86_64-fedora-clang | 0.2.2 | 1494.93 | OK | |||
r-devel-linux-x86_64-fedora-gcc | 0.2.2 | 1545.97 | OK | |||
r-devel-windows-x86_64 | 0.2.2 | 77.00 | 543.00 | 620.00 | OK | |
r-patched-linux-x86_64 | 0.2.2 | 67.01 | 810.54 | 877.55 | OK | |
r-release-linux-x86_64 | 0.2.2 | 63.89 | 815.32 | 879.21 | OK | |
r-release-macos-arm64 | 0.2.2 | 246.00 | OK | |||
r-release-macos-x86_64 | 0.2.2 | 632.00 | OK | |||
r-release-windows-x86_64 | 0.2.2 | 77.00 | 550.00 | 627.00 | OK | |
r-oldrel-macos-arm64 | 0.2.2 | 312.00 | NOTE | |||
r-oldrel-macos-x86_64 | 0.2.2 | 659.00 | NOTE | |||
r-oldrel-windows-x86_64 | 0.2.2 | 87.00 | 798.00 | 885.00 | OK |
Version: 0.2.2
Check: installed package size
Result: NOTE
installed size is 8.7Mb
sub-directories of 1Mb or more:
data 2.0Mb
libs 5.1Mb
Flavors: r-oldrel-macos-arm64, r-oldrel-macos-x86_64
These binaries (installable software) and packages are in development.
They may not be fully stable and should be used with caution. We make no claims about them.