CRAN Package Check Results for Package mixvlmc

Last updated on 2025-05-01 08:52:38 CEST.

Flavor Version Tinstall Tcheck Ttotal Status Flags
r-devel-linux-x86_64-debian-clang 0.2.1 60.00 814.78 874.78 NOTE
r-devel-linux-x86_64-debian-gcc 0.2.1 45.81 516.49 562.30 NOTE
r-devel-linux-x86_64-fedora-clang 0.2.1 1417.22 NOTE
r-devel-linux-x86_64-fedora-gcc 0.2.1 1357.68 NOTE
r-devel-windows-x86_64 0.2.1 74.00 540.00 614.00 NOTE
r-patched-linux-x86_64 0.2.1 68.45 777.06 845.51 NOTE
r-release-linux-x86_64 NOTE
r-release-macos-arm64 0.2.1 268.00 NOTE
r-release-macos-x86_64 0.2.1 533.00 NOTE
r-release-windows-x86_64 0.2.1 78.00 552.00 630.00 NOTE
r-oldrel-macos-arm64 0.2.1 275.00 NOTE
r-oldrel-macos-x86_64 0.2.1 456.00 NOTE
r-oldrel-windows-x86_64 0.2.1 85.00 750.00 835.00 OK

Check Details

Version: 0.2.1
Check: DESCRIPTION meta-information
Result: NOTE Missing dependency on R >= 4.1.0 because package code uses the pipe |> or function shorthand \(...) syntax added in R 4.1.0. File(s) using such syntax: ‘contexts.R’ ‘ctx_tree.R’ ‘glm_fit.R’ Flavors: r-devel-linux-x86_64-debian-clang, r-devel-linux-x86_64-debian-gcc, r-devel-linux-x86_64-fedora-clang, r-devel-linux-x86_64-fedora-gcc, r-devel-windows-x86_64, r-patched-linux-x86_64, r-release-linux-x86_64, r-release-macos-arm64, r-release-macos-x86_64, r-release-windows-x86_64

Version: 0.2.1
Check: examples
Result: NOTE Examples with CPU (user + system) or elapsed time > 5s user system elapsed autoplot.tune_covlmc 7.362 0.127 9.200 plot.tune_vlmc 6.722 0.048 9.992 merged_with 5.432 0.020 8.705 simulate.covlmc 4.795 0.000 8.174 autoplot.tune_vlmc 3.510 0.012 5.118 Flavor: r-devel-linux-x86_64-debian-clang

Version: 0.2.1
Check: examples
Result: NA user system elapsed autoplot.tune_covlmc 5.285 0.089 7.511 plot.tune_vlmc 4.933 0.031 8.371 OK Flavor: r-devel-linux-x86_64-debian-gcc

Version: 0.2.1
Check: installed package size
Result: NOTE installed size is 8.0Mb sub-directories of 1Mb or more: data 2.0Mb libs 4.4Mb Flavors: r-oldrel-macos-arm64, r-oldrel-macos-x86_64

These binaries (installable software) and packages are in development.
They may not be fully stable and should be used with caution. We make no claims about them.