Last updated on 2025-11-12 12:53:15 CET.
| Flavor | Version | Tinstall | Tcheck | Ttotal | Status | Flags |
|---|---|---|---|---|---|---|
| r-devel-linux-x86_64-debian-clang | 0.2.4 | 5.88 | 69.81 | 75.69 | OK | |
| r-devel-linux-x86_64-debian-gcc | 0.2.4 | 4.12 | 48.86 | 52.98 | OK | |
| r-devel-linux-x86_64-fedora-clang | 0.2.4 | 12.00 | 109.42 | 121.42 | OK | |
| r-devel-linux-x86_64-fedora-gcc | 0.2.4 | 14.00 | 114.98 | 128.98 | OK | |
| r-devel-windows-x86_64 | 0.2.4 | 6.00 | 79.00 | 85.00 | OK | |
| r-patched-linux-x86_64 | 0.2.4 | 5.96 | 66.79 | 72.75 | OK | |
| r-release-linux-x86_64 | 0.2.4 | 5.87 | 65.57 | 71.44 | OK | |
| r-release-macos-arm64 | 0.2.4 | 2.00 | 38.00 | 40.00 | OK | |
| r-release-macos-x86_64 | 0.2.4 | 5.00 | 76.00 | 81.00 | OK | |
| r-release-windows-x86_64 | 0.2.4 | 6.00 | 77.00 | 83.00 | OK | |
| r-oldrel-macos-arm64 | 0.2.4 | 3.00 | 41.00 | 44.00 | NOTE | |
| r-oldrel-macos-x86_64 | 0.2.4 | 5.00 | 56.00 | 61.00 | NOTE | |
| r-oldrel-windows-x86_64 | 0.2.4 | 8.00 | 99.00 | 107.00 | NOTE |
Version: 0.2.4
Check: LazyData
Result: NOTE
'LazyData' is specified without a 'data' directory
Flavors: r-oldrel-macos-arm64, r-oldrel-macos-x86_64, r-oldrel-windows-x86_64
These binaries (installable software) and packages are in development.
They may not be fully stable and should be used with caution. We make no claims about them.