CRAN Package Check Results for Package mkin

Last updated on 2025-02-07 08:51:28 CET.

Flavor Version Tinstall Tcheck Ttotal Status Flags
r-devel-linux-x86_64-debian-clang 1.2.6 15.43 235.62 251.05 NOTE
r-devel-linux-x86_64-debian-gcc 1.2.6 11.88 167.95 179.83 NOTE
r-devel-linux-x86_64-fedora-clang 1.2.6 399.68 NOTE
r-devel-linux-x86_64-fedora-gcc 1.2.6 385.01 NOTE
r-devel-windows-x86_64 1.2.6 18.00 315.00 333.00 NOTE --no-vignettes
r-patched-linux-x86_64 1.2.6 22.51 217.92 240.43 OK
r-release-linux-x86_64 1.2.6 15.82 221.57 237.39 OK
r-release-macos-arm64 1.2.6 174.00 OK
r-release-macos-x86_64 1.2.6 256.00 OK
r-release-windows-x86_64 1.2.6 19.00 348.00 367.00 OK --no-vignettes
r-oldrel-macos-arm64 1.2.6 161.00 OK
r-oldrel-macos-x86_64 1.2.6 323.00 OK
r-oldrel-windows-x86_64 1.2.6 23.00 372.00 395.00 OK --no-vignettes

Check Details

Version: 1.2.6
Check: DESCRIPTION meta-information
Result: NOTE Missing dependency on R >= 4.1.0 because package code uses the pipe |> or function shorthand \(...) syntax added in R 4.1.0. File(s) using such syntax: ‘read_spreadsheet.R’ Flavors: r-devel-linux-x86_64-debian-clang, r-devel-linux-x86_64-debian-gcc, r-devel-linux-x86_64-fedora-clang, r-devel-linux-x86_64-fedora-gcc

Version: 1.2.6
Check: Rd cross-references
Result: NOTE Found the following Rd file(s) with Rd \link{} targets missing package anchors: mkinpredict.Rd: ode nlme.Rd: groupedData Please provide package anchors for all Rd \link{} targets not in the package itself and the base packages. Flavors: r-devel-linux-x86_64-debian-clang, r-devel-linux-x86_64-debian-gcc

Version: 1.2.6
Flags: --no-vignettes
Check: DESCRIPTION meta-information
Result: NOTE Missing dependency on R >= 4.1.0 because package code uses the pipe |> or function shorthand \(...) syntax added in R 4.1.0. File(s) using such syntax: 'read_spreadsheet.R' Flavor: r-devel-windows-x86_64

Version: 1.2.6
Flags: --no-vignettes
Check: Rd cross-references
Result: NOTE Found the following Rd file(s) with Rd \link{} targets missing package anchors: mkinpredict.Rd: ode nlme.Rd: groupedData Please provide package anchors for all Rd \link{} targets not in the package itself and the base packages. Flavor: r-devel-windows-x86_64

These binaries (installable software) and packages are in development.
They may not be fully stable and should be used with caution. We make no claims about them.