Last updated on 2025-10-23 23:49:36 CEST.
| Flavor | Version | Tinstall | Tcheck | Ttotal | Status | Flags |
|---|---|---|---|---|---|---|
| r-devel-linux-x86_64-debian-clang | 1.2.10 | 16.61 | 299.80 | 316.41 | NOTE | |
| r-devel-linux-x86_64-debian-gcc | 1.2.10 | 11.81 | 215.00 | 226.81 | OK | |
| r-devel-linux-x86_64-fedora-clang | 1.2.10 | 44.00 | 442.65 | 486.65 | OK | |
| r-devel-linux-x86_64-fedora-gcc | 1.2.10 | 36.00 | 426.09 | 462.09 | OK | |
| r-devel-windows-x86_64 | 1.2.10 | 20.00 | 384.00 | 404.00 | OK | --no-vignettes |
| r-patched-linux-x86_64 | 1.2.10 | 18.90 | 280.08 | 298.98 | OK | |
| r-release-linux-x86_64 | 1.2.10 | 17.36 | 280.26 | 297.62 | OK | |
| r-release-macos-arm64 | 1.2.10 | 7.00 | 135.00 | 142.00 | OK | |
| r-release-macos-x86_64 | 1.2.10 | 23.00 | 311.00 | 334.00 | OK | |
| r-release-windows-x86_64 | 1.2.10 | 22.00 | 362.00 | 384.00 | OK | --no-vignettes |
| r-oldrel-macos-arm64 | 1.2.10 | 8.00 | 167.00 | 175.00 | OK | |
| r-oldrel-macos-x86_64 | 1.2.10 | 24.00 | 382.00 | 406.00 | OK | |
| r-oldrel-windows-x86_64 | 1.2.10 | 27.00 | 446.00 | 473.00 | OK | --no-vignettes |
Version: 1.2.10
Check: HTML version of manual
Result: NOTE
Found the following HTML validation problems:
check_failed.html:46:1 (check_failed.Rd:10): Warning: missing </ul> before </div>
logLik.saem.mmkin.html:55:1 (logLik.saem.mmkin.Rd:14): Warning: missing </ul> before </div>
mkinds.html:142:1 (mkinds.Rd:84): Warning: <h5> anchor "Usage" already defined
mkinds.html:148:1 (mkinds.Rd:88): Warning: <h5> anchor "Arguments" already defined
mkindsg.html:146:1 (mkindsg.Rd:88): Warning: <h5> anchor "Usage" already defined
mkindsg.html:152:1 (mkindsg.Rd:92): Warning: <h5> anchor "Arguments" already defined
summary_listing.html:63:1 (summary_listing.Rd:22): Warning: missing </ul> before </div>
Flavor: r-devel-linux-x86_64-debian-clang
These binaries (installable software) and packages are in development.
They may not be fully stable and should be used with caution. We make no claims about them.