Last updated on 2025-10-24 05:50:47 CEST.
| Flavor | Version | Tinstall | Tcheck | Ttotal | Status | Flags |
|---|---|---|---|---|---|---|
| r-devel-linux-x86_64-debian-clang | 0.1.1 | 11.03 | 54.05 | 65.08 | NOTE | |
| r-devel-linux-x86_64-debian-gcc | 0.1.1 | 7.15 | 41.71 | 48.86 | NOTE | |
| r-devel-linux-x86_64-fedora-clang | 0.1.1 | 26.00 | 73.63 | 99.63 | OK | |
| r-devel-linux-x86_64-fedora-gcc | 0.1.1 | 22.00 | 91.99 | 113.99 | OK | |
| r-devel-windows-x86_64 | 0.1.1 | 10.00 | 64.00 | 74.00 | OK | |
| r-patched-linux-x86_64 | 0.1.1 | 10.82 | 51.23 | 62.05 | OK | |
| r-release-linux-x86_64 | 0.1.1 | 10.21 | 50.83 | 61.04 | OK | |
| r-release-macos-arm64 | 0.1.1 | 5.00 | 47.00 | 52.00 | OK | |
| r-release-macos-x86_64 | 0.1.1 | 13.00 | 69.00 | 82.00 | OK | |
| r-release-windows-x86_64 | 0.1.1 | 11.00 | 66.00 | 77.00 | OK | |
| r-oldrel-macos-arm64 | 0.1.1 | 4.00 | 43.00 | 47.00 | OK | |
| r-oldrel-macos-x86_64 | 0.1.1 | 11.00 | 50.00 | 61.00 | OK | |
| r-oldrel-windows-x86_64 | 0.1.1 | 14.00 | 83.00 | 97.00 | OK |
Version: 0.1.1
Check: CRAN incoming feasibility
Result: NOTE
Maintainer: ‘Dmitriy Selivanov <selivanov.dmitriy@gmail.com>’
No Authors@R field in DESCRIPTION.
Please add one, modifying
Authors@R: person(given = "Dmitriy",
family = "Selivanov",
role = c("aut", "cre"),
email = "selivanov.dmitriy@gmail.com")
as necessary.
Flavors: r-devel-linux-x86_64-debian-clang, r-devel-linux-x86_64-debian-gcc
Version: 0.1.1
Check: HTML version of manual
Result: NOTE
Found the following HTML validation problems:
predict.html:60:1 (predict.Rd:20): Warning: missing </ul> before </div>
transform.html:60:1 (transform.Rd:20): Warning: missing </ul> before </div>
Flavor: r-devel-linux-x86_64-debian-clang
These binaries (installable software) and packages are in development.
They may not be fully stable and should be used with caution. We make no claims about them.