CRAN Package Check Results for Package mlbstats

Last updated on 2025-07-01 11:49:23 CEST.

Flavor Version Tinstall Tcheck Ttotal Status Flags
r-devel-linux-x86_64-debian-clang 0.1.0 2.02 21.29 23.31 NOTE
r-devel-linux-x86_64-debian-gcc 0.1.0 1.67 17.31 18.98 NOTE
r-devel-linux-x86_64-fedora-clang 0.1.0 35.69 OK
r-devel-linux-x86_64-fedora-gcc 0.1.0 33.91 OK
r-devel-windows-x86_64 0.1.0 4.00 45.00 49.00 OK
r-patched-linux-x86_64 OK
r-release-linux-x86_64 0.1.0 2.16 19.49 21.65 OK
r-release-macos-arm64 0.1.0 17.00 OK
r-release-macos-x86_64 0.1.0 31.00 OK
r-release-windows-x86_64 0.1.0 3.00 46.00 49.00 OK
r-oldrel-macos-arm64 0.1.0 15.00 NOTE
r-oldrel-macos-x86_64 0.1.0 21.00 NOTE
r-oldrel-windows-x86_64 0.1.0 4.00 44.00 48.00 NOTE

Check Details

Version: 0.1.0
Check: CRAN incoming feasibility
Result: NOTE Maintainer: ‘Philip D. Waggoner <philip.waggoner@gmail.com>’ No Authors@R field in DESCRIPTION. Please add one, modifying Authors@R: person(given = c("Philip", "D."), family = "Waggoner", role = c("aut", "cre"), email = "philip.waggoner@gmail.com") as necessary. Flavors: r-devel-linux-x86_64-debian-clang, r-devel-linux-x86_64-debian-gcc

Version: 0.1.0
Check: LazyData
Result: NOTE 'LazyData' is specified without a 'data' directory Flavors: r-oldrel-macos-arm64, r-oldrel-macos-x86_64, r-oldrel-windows-x86_64

These binaries (installable software) and packages are in development.
They may not be fully stable and should be used with caution. We make no claims about them.