Last updated on 2025-02-16 08:50:54 CET.
Flavor | Version | Tinstall | Tcheck | Ttotal | Status | Flags |
---|---|---|---|---|---|---|
r-devel-linux-x86_64-debian-clang | 0.4.3 | 6.75 | 67.09 | 73.84 | NOTE | |
r-devel-linux-x86_64-debian-gcc | 0.4.3 | 5.34 | 50.15 | 55.49 | NOTE | |
r-devel-linux-x86_64-fedora-clang | 0.4.3 | 120.80 | NOTE | |||
r-devel-linux-x86_64-fedora-gcc | 0.4.3 | 127.11 | NOTE | |||
r-devel-macos-arm64 | 0.4.3 | 47.00 | NOTE | |||
r-devel-macos-x86_64 | 0.4.3 | 83.00 | NOTE | |||
r-devel-windows-x86_64 | 0.4.3 | 9.00 | 96.00 | 105.00 | NOTE | |
r-patched-linux-x86_64 | 0.4.3 | 7.71 | 63.74 | 71.45 | NOTE | |
r-release-linux-x86_64 | 0.4.3 | 7.36 | 63.67 | 71.03 | NOTE | |
r-release-macos-arm64 | 0.4.3 | 43.00 | NOTE | |||
r-release-macos-x86_64 | 0.4.3 | 97.00 | NOTE | |||
r-release-windows-x86_64 | 0.4.3 | 8.00 | 96.00 | 104.00 | NOTE | |
r-oldrel-macos-arm64 | 0.4.3 | 45.00 | OK | |||
r-oldrel-macos-x86_64 | 0.4.3 | 68.00 | OK | |||
r-oldrel-windows-x86_64 | 0.4.3 | 12.00 | 103.00 | 115.00 | OK |
Version: 0.4.3
Check: Rd files
Result: NOTE
checkRd: (-1) mldrGUI.Rd:22-25: Lost braces in \itemize; meant \describe ?
checkRd: (-1) mldrGUI.Rd:26-28: Lost braces in \itemize; meant \describe ?
checkRd: (-1) mldrGUI.Rd:29: Lost braces in \itemize; meant \describe ?
checkRd: (-1) mldrGUI.Rd:30-31: Lost braces in \itemize; meant \describe ?
checkRd: (-1) mldrGUI.Rd:32-34: Lost braces in \itemize; meant \describe ?
Flavors: r-devel-linux-x86_64-debian-clang, r-devel-linux-x86_64-debian-gcc, r-devel-linux-x86_64-fedora-clang, r-devel-linux-x86_64-fedora-gcc, r-devel-macos-arm64, r-devel-macos-x86_64, r-devel-windows-x86_64, r-patched-linux-x86_64, r-release-linux-x86_64, r-release-macos-arm64, r-release-macos-x86_64, r-release-windows-x86_64
These binaries (installable software) and packages are in development.
They may not be fully stable and should be used with caution. We make no claims about them.