CRAN Package Check Results for Package mlergm

Last updated on 2025-04-16 00:49:45 CEST.

Flavor Version Tinstall Tcheck Ttotal Status Flags
r-devel-linux-x86_64-debian-clang 0.8 13.66 116.63 130.29 NOTE
r-devel-linux-x86_64-debian-gcc 0.8 9.94 81.43 91.37 NOTE
r-devel-linux-x86_64-fedora-clang 0.8 209.59 OK
r-devel-linux-x86_64-fedora-gcc 0.8 217.51 OK
r-devel-windows-x86_64 0.8 16.00 106.00 122.00 NOTE
r-patched-linux-x86_64 0.8 12.88 108.02 120.90 NOTE
r-release-linux-x86_64 0.8 13.21 108.54 121.75 NOTE
r-release-macos-arm64 0.8 72.00 OK
r-release-macos-x86_64 0.8 212.00 OK
r-release-windows-x86_64 0.8 15.00 108.00 123.00 NOTE
r-oldrel-macos-arm64 0.8 65.00 OK
r-oldrel-macos-x86_64 0.8 94.00 OK
r-oldrel-windows-x86_64 0.8 20.00 138.00 158.00 OK

Check Details

Version: 0.8
Check: Rd cross-references
Result: NOTE Found the following Rd file(s) with Rd \link{} targets missing package anchors: mlergm.Rd: ergm.terms mlnet.Rd: network, ggnet2 Please provide package anchors for all Rd \link{} targets not in the package itself and the base packages. Flavors: r-devel-linux-x86_64-debian-clang, r-devel-linux-x86_64-debian-gcc, r-devel-windows-x86_64, r-patched-linux-x86_64, r-release-linux-x86_64, r-release-windows-x86_64

These binaries (installable software) and packages are in development.
They may not be fully stable and should be used with caution. We make no claims about them.