Last updated on 2025-05-08 04:52:11 CEST.
Flavor | Version | Tinstall | Tcheck | Ttotal | Status | Flags |
---|---|---|---|---|---|---|
r-devel-linux-x86_64-debian-clang | 0.8 | 13.98 | 119.65 | 133.63 | NOTE | |
r-devel-linux-x86_64-debian-gcc | 0.8 | 10.54 | 86.95 | 97.49 | NOTE | |
r-devel-linux-x86_64-fedora-clang | 0.8 | 209.59 | OK | |||
r-devel-linux-x86_64-fedora-gcc | 0.8 | 213.25 | OK | |||
r-devel-windows-x86_64 | 0.8 | 15.00 | 114.00 | 129.00 | NOTE | |
r-patched-linux-x86_64 | 0.8 | 13.21 | 112.51 | 125.72 | NOTE | |
r-release-linux-x86_64 | 0.8 | 14.25 | 112.42 | 126.67 | NOTE | |
r-release-macos-arm64 | 0.8 | 72.00 | OK | |||
r-release-macos-x86_64 | 0.8 | 212.00 | OK | |||
r-release-windows-x86_64 | 0.8 | 15.00 | 112.00 | 127.00 | NOTE | |
r-oldrel-macos-arm64 | 0.8 | 65.00 | OK | |||
r-oldrel-macos-x86_64 | 0.8 | 94.00 | OK | |||
r-oldrel-windows-x86_64 | 0.8 | 20.00 | 155.00 | 175.00 | OK |
Version: 0.8
Check: CRAN incoming feasibility
Result: NOTE
Maintainer: ‘Jonathan Stewart <jrstewart@fsu.edu>’
Package CITATION file contains call(s) to old-style citEntry(). Please
use bibentry() instead.
Flavors: r-devel-linux-x86_64-debian-clang, r-devel-linux-x86_64-debian-gcc
Version: 0.8
Check: Rd cross-references
Result: NOTE
Found the following Rd file(s) with Rd \link{} targets missing package
anchors:
mlergm.Rd: ergm.terms
mlnet.Rd: network, ggnet2
Please provide package anchors for all Rd \link{} targets not in the
package itself and the base packages.
Flavors: r-devel-linux-x86_64-debian-clang, r-devel-linux-x86_64-debian-gcc, r-devel-windows-x86_64, r-patched-linux-x86_64, r-release-linux-x86_64, r-release-windows-x86_64
These binaries (installable software) and packages are in development.
They may not be fully stable and should be used with caution. We make no claims about them.