Last updated on 2025-02-16 08:50:54 CET.
Flavor | Version | Tinstall | Tcheck | Ttotal | Status | Flags |
---|---|---|---|---|---|---|
r-devel-linux-x86_64-debian-clang | 0.3.0 | 13.99 | 105.11 | 119.10 | NOTE | |
r-devel-linux-x86_64-debian-gcc | 0.3.0 | 11.00 | 74.59 | 85.59 | NOTE | |
r-devel-linux-x86_64-fedora-clang | 0.3.0 | 190.86 | NOTE | |||
r-devel-linux-x86_64-fedora-gcc | 0.3.0 | 171.27 | NOTE | |||
r-devel-macos-arm64 | 0.3.0 | 55.00 | NOTE | |||
r-devel-macos-x86_64 | 0.3.0 | 109.00 | NOTE | |||
r-devel-windows-x86_64 | 0.3.0 | 15.00 | 105.00 | 120.00 | NOTE | |
r-patched-linux-x86_64 | 0.3.0 | 15.15 | 95.19 | 110.34 | NOTE | |
r-release-linux-x86_64 | 0.3.0 | 12.02 | 95.86 | 107.88 | NOTE | |
r-release-macos-arm64 | 0.3.0 | 52.00 | NOTE | |||
r-release-macos-x86_64 | 0.3.0 | 73.00 | NOTE | |||
r-release-windows-x86_64 | 0.3.0 | 16.00 | 107.00 | 123.00 | NOTE | |
r-oldrel-macos-arm64 | 0.3.0 | 55.00 | OK | |||
r-oldrel-macos-x86_64 | 0.3.0 | 91.00 | OK | |||
r-oldrel-windows-x86_64 | 0.3.0 | 20.00 | 156.00 | 176.00 | OK |
Version: 0.3.0
Check: Rd files
Result: NOTE
checkRd: (-1) mlim.Rd:58: Lost braces
58 | Note that code{"XGB"} is only available in Mac OS and Linux. moreover,
| ^
Flavors: r-devel-linux-x86_64-debian-clang, r-devel-linux-x86_64-debian-gcc, r-devel-linux-x86_64-fedora-clang, r-devel-linux-x86_64-fedora-gcc, r-devel-macos-arm64, r-devel-macos-x86_64, r-devel-windows-x86_64, r-patched-linux-x86_64, r-release-linux-x86_64, r-release-macos-arm64, r-release-macos-x86_64, r-release-windows-x86_64
These binaries (installable software) and packages are in development.
They may not be fully stable and should be used with caution. We make no claims about them.