Last updated on 2025-10-23 11:50:19 CEST.
Flavor | Version | Tinstall | Tcheck | Ttotal | Status | Flags |
---|---|---|---|---|---|---|
r-devel-linux-x86_64-debian-clang | 0.0.6 | 5.33 | 195.54 | 200.87 | NOTE | |
r-devel-linux-x86_64-debian-gcc | 0.0.6 | 3.56 | 153.99 | 157.55 | OK | |
r-devel-linux-x86_64-fedora-clang | 0.0.6 | 26.00 | 307.01 | 333.01 | OK | |
r-devel-linux-x86_64-fedora-gcc | 0.0.6 | 26.00 | 357.31 | 383.31 | OK | |
r-devel-windows-x86_64 | 0.0.6 | 7.00 | 264.00 | 271.00 | OK | |
r-patched-linux-x86_64 | 0.0.6 | 4.49 | 209.10 | 213.59 | OK | |
r-release-linux-x86_64 | 0.0.6 | 5.22 | 203.52 | 208.74 | OK | |
r-release-macos-arm64 | 0.0.6 | 2.00 | 132.00 | 134.00 | OK | |
r-release-macos-x86_64 | 0.0.6 | 4.00 | 194.00 | 198.00 | OK | |
r-release-windows-x86_64 | 0.0.6 | 7.00 | 271.00 | 278.00 | OK | |
r-oldrel-macos-arm64 | 0.0.6 | 2.00 | 136.00 | 138.00 | OK | |
r-oldrel-macos-x86_64 | 0.0.6 | 5.00 | 192.00 | 197.00 | OK | |
r-oldrel-windows-x86_64 | 0.0.6 | 10.00 | 364.00 | 374.00 | OK |
Version: 0.0.6
Check: HTML version of manual
Result: NOTE
Found the following HTML validation problems:
LearnerGlmnet.html:138:1 (LearnerGlmnet.Rd:136): Warning: <h5> anchor "Usage" already defined
LearnerGlmnet.html:144:1 (LearnerGlmnet.Rd:140): Warning: <h5> anchor "Arguments" already defined
LearnerLightgbm.html:155:1 (LearnerLightgbm.Rd:159): Warning: <h5> anchor "Usage" already defined
LearnerLightgbm.html:161:1 (LearnerLightgbm.Rd:163): Warning: <h5> anchor "Arguments" already defined
LearnerRanger.html:129:1 (LearnerRanger.Rd:137): Warning: <h5> anchor "Usage" already defined
LearnerXgboost.html:155:1 (LearnerXgboost.Rd:160): Warning: <h5> anchor "Usage" already defined
LearnerXgboost.html:161:1 (LearnerXgboost.Rd:164): Warning: <h5> anchor "Arguments" already defined
Flavor: r-devel-linux-x86_64-debian-clang
These binaries (installable software) and packages are in development.
They may not be fully stable and should be used with caution. We make no claims about them.