CRAN Package Check Results for Package mlms

Last updated on 2025-05-01 08:52:38 CEST.

Flavor Version Tinstall Tcheck Ttotal Status Flags
r-devel-linux-x86_64-debian-clang 1.0.2 5.17 86.38 91.55 NOTE
r-devel-linux-x86_64-debian-gcc 1.0.2 3.94 60.08 64.02 OK
r-devel-linux-x86_64-fedora-clang 1.0.2 151.09 OK
r-devel-linux-x86_64-fedora-gcc 1.0.2 147.92 OK
r-devel-windows-x86_64 1.0.2 7.00 95.00 102.00 OK
r-patched-linux-x86_64 1.0.2 6.11 81.58 87.69 OK
r-release-linux-x86_64 OK
r-release-macos-arm64 1.0.2 45.00 OK
r-release-macos-x86_64 1.0.2 88.00 OK
r-release-windows-x86_64 1.0.2 9.00 96.00 105.00 OK
r-oldrel-macos-arm64 1.0.2 48.00 OK
r-oldrel-macos-x86_64 1.0.2 105.00 OK
r-oldrel-windows-x86_64 1.0.2 10.00 128.00 138.00 OK

Check Details

Version: 1.0.2
Check: examples
Result: NOTE Examples with CPU (user + system) or elapsed time > 5s user system elapsed read_mlms_json 6.833 0.151 9.671 get_head_outliers 5.678 0.046 8.285 read_field_xlsx 3.838 0.154 5.063 Flavor: r-devel-linux-x86_64-debian-clang

These binaries (installable software) and packages are in development.
They may not be fully stable and should be used with caution. We make no claims about them.