Last updated on 2025-02-21 15:51:57 CET.
Flavor | Version | Tinstall | Tcheck | Ttotal | Status | Flags |
---|---|---|---|---|---|---|
r-devel-linux-x86_64-debian-clang | 1.1.2 | 12.79 | 132.30 | 145.09 | OK | |
r-devel-linux-x86_64-debian-gcc | 1.1.2 | 10.25 | 92.50 | 102.75 | OK | |
r-devel-linux-x86_64-fedora-clang | 1.1.2 | 237.36 | NOTE | |||
r-devel-linux-x86_64-fedora-gcc | 1.1.2 | 264.68 | NOTE | |||
r-devel-macos-arm64 | 1.1.2 | 111.00 | OK | |||
r-devel-macos-x86_64 | 1.1.2 | 161.00 | OK | |||
r-devel-windows-x86_64 | 1.1.2 | 15.00 | 137.00 | 152.00 | OK | |
r-patched-linux-x86_64 | 1.1.2 | 14.12 | 123.66 | 137.78 | NOTE | |
r-release-linux-x86_64 | 1.1.2 | 11.41 | 124.61 | 136.02 | NOTE | |
r-release-macos-arm64 | 1.1.2 | 141.00 | NOTE | |||
r-release-macos-x86_64 | 1.1.2 | 183.00 | NOTE | |||
r-release-windows-x86_64 | 1.1.2 | 16.00 | 139.00 | 155.00 | NOTE | |
r-oldrel-macos-arm64 | 1.1.2 | 99.00 | NOTE | |||
r-oldrel-macos-x86_64 | 1.1.2 | 160.00 | NOTE | |||
r-oldrel-windows-x86_64 | 1.1.2 | 21.00 | 164.00 | 185.00 | NOTE |
Version: 1.1.2
Check: dependencies in R code
Result: NOTE
Namespaces in Imports field not imported from:
‘ClusterR’ ‘MASS’ ‘Rdpack’ ‘multiwave’ ‘randomForest’ ‘ranger’
All declared Imports should be used.
Flavors: r-devel-linux-x86_64-fedora-clang, r-devel-linux-x86_64-fedora-gcc
Version: 1.1.2
Check: package dependencies
Result: NOTE
Packages suggested but not available for checking:
'ueadata1', 'ueadata2', 'ueadata3', 'ueadata4', 'ueadata5',
'ueadata6', 'ueadata7', 'ueadata8'
Flavors: r-patched-linux-x86_64, r-release-linux-x86_64, r-release-macos-arm64, r-release-macos-x86_64, r-release-windows-x86_64, r-oldrel-macos-arm64, r-oldrel-macos-x86_64, r-oldrel-windows-x86_64
These binaries (installable software) and packages are in development.
They may not be fully stable and should be used with caution. We make no claims about them.