Last updated on 2025-05-01 14:49:15 CEST.
Flavor | Version | Tinstall | Tcheck | Ttotal | Status | Flags |
---|---|---|---|---|---|---|
r-devel-linux-x86_64-debian-clang | 1.1-1 | 10.55 | 346.72 | 357.27 | NOTE | |
r-devel-linux-x86_64-debian-gcc | 1.1-2 | 6.72 | 211.52 | 218.24 | OK | |
r-devel-linux-x86_64-fedora-clang | 1.1-2 | 557.66 | NOTE | |||
r-devel-linux-x86_64-fedora-gcc | 1.1-2 | 568.50 | NOTE | |||
r-devel-windows-x86_64 | 1.1-2 | 15.00 | 343.00 | 358.00 | OK | |
r-patched-linux-x86_64 | 1.1-2 | 8.70 | 331.59 | 340.29 | OK | |
r-release-linux-x86_64 | OK | |||||
r-release-macos-arm64 | 1.1-2 | 137.00 | OK | |||
r-release-macos-x86_64 | 1.1-2 | 335.00 | OK | |||
r-release-windows-x86_64 | 1.1-2 | 14.00 | 337.00 | 351.00 | OK | |
r-oldrel-macos-arm64 | 1.1-2 | 156.00 | OK | |||
r-oldrel-macos-x86_64 | 1.1-2 | 355.00 | OK | |||
r-oldrel-windows-x86_64 | 1.1-1 | 14.00 | 510.00 | 524.00 | OK |
Version: 1.1-1
Check: Rd cross-references
Result: NOTE
Found the following Rd file(s) with Rd \link{} targets missing package
anchors:
mlogit.Rd: Formula
Please provide package anchors for all Rd \link{} targets not in the
package itself and the base packages.
Flavor: r-devel-linux-x86_64-debian-clang
Version: 1.1-2
Check: differences from ‘mlogit-Ex.Rout’ to ‘mlogit-Ex.Rout.save’
Result: NOTE
170c170
< 7 iterations, 0h:0m:1s
---
> 7 iterations, 0h:0m:0s
256c256
< 7 iterations, 0h:0m:1s
---
> 7 iterations, 0h:0m:0s
Flavor: r-devel-linux-x86_64-fedora-clang
Version: 1.1-2
Check: differences from ‘mlogit-Ex.Rout’ to ‘mlogit-Ex.Rout.save’
Result: NOTE
256c256
< 7 iterations, 0h:0m:1s
---
> 7 iterations, 0h:0m:0s
Flavor: r-devel-linux-x86_64-fedora-gcc
These binaries (installable software) and packages are in development.
They may not be fully stable and should be used with caution. We make no claims about them.