Last updated on 2025-05-21 19:53:19 CEST.
Flavor | Version | Tinstall | Tcheck | Ttotal | Status | Flags |
---|---|---|---|---|---|---|
r-devel-linux-x86_64-debian-clang | 4.6.1 | 2015.96 | 57.53 | 2073.49 | OK | |
r-devel-linux-x86_64-debian-gcc | 4.6.1 | 1535.10 | 40.83 | 1575.93 | OK | |
r-devel-linux-x86_64-fedora-clang | 4.6.1 | 4075.48 | OK | |||
r-devel-linux-x86_64-fedora-gcc | 4.6.1 | 4925.13 | OK | |||
r-devel-windows-x86_64 | 4.6.1 | 2089.00 | 228.00 | 2317.00 | OK | |
r-patched-linux-x86_64 | 4.6.0 | 2062.60 | 53.39 | 2115.99 | OK | |
r-release-linux-x86_64 | 4.6.1 | 2051.24 | 53.18 | 2104.42 | OK | |
r-release-macos-arm64 | 4.6.1 | 599.00 | OK | |||
r-release-macos-x86_64 | 4.6.1 | 946.00 | OK | |||
r-release-windows-x86_64 | 4.6.1 | 2076.00 | 248.00 | 2324.00 | OK | |
r-oldrel-macos-arm64 | 4.6.1 | 701.00 | NOTE | |||
r-oldrel-macos-x86_64 | 4.6.1 | 831.00 | NOTE | |||
r-oldrel-windows-x86_64 | 4.6.0 | 2363.00 | 306.00 | 2669.00 | NOTE |
Version: 4.6.1
Check: installed package size
Result: NOTE
installed size is 245.7Mb
sub-directories of 1Mb or more:
include 10.6Mb
libs 234.7Mb
Flavors: r-oldrel-macos-arm64, r-oldrel-macos-x86_64
Version: 4.6.0
Check: installed package size
Result: NOTE
installed size is 28.5Mb
sub-directories of 1Mb or more:
include 10.6Mb
libs 17.4Mb
Flavor: r-oldrel-windows-x86_64
These binaries (installable software) and packages are in development.
They may not be fully stable and should be used with caution. We make no claims about them.