Last updated on 2025-10-25 05:50:09 CEST.
| Flavor | Version | Tinstall | Tcheck | Ttotal | Status | Flags |
|---|---|---|---|---|---|---|
| r-devel-linux-x86_64-debian-clang | 0.2.0 | 2.69 | 38.55 | 41.24 | OK | |
| r-devel-linux-x86_64-debian-gcc | 0.2.0 | 2.11 | 29.40 | 31.51 | OK | |
| r-devel-linux-x86_64-fedora-clang | 0.2.0 | 60.35 | NOTE | |||
| r-devel-linux-x86_64-fedora-gcc | 0.2.0 | 56.94 | NOTE | |||
| r-devel-windows-x86_64 | 0.2.0 | 5.00 | 59.00 | 64.00 | OK | |
| r-patched-linux-x86_64 | 0.2.0 | 1.89 | 35.73 | 37.62 | OK | |
| r-release-linux-x86_64 | 0.2.0 | 2.51 | 35.12 | 37.63 | OK | |
| r-release-macos-arm64 | 0.2.0 | 1.00 | 25.00 | 26.00 | OK | |
| r-release-macos-x86_64 | 0.2.0 | 2.00 | 36.00 | 38.00 | OK | |
| r-release-windows-x86_64 | 0.2.0 | 4.00 | 63.00 | 67.00 | OK | |
| r-oldrel-macos-arm64 | 0.2.0 | 1.00 | 25.00 | 26.00 | OK | |
| r-oldrel-macos-x86_64 | 0.2.0 | 3.00 | 36.00 | 39.00 | OK | |
| r-oldrel-windows-x86_64 | 0.2.0 | 5.00 | 75.00 | 80.00 | OK |
Version: 0.2.0
Check: dependencies in R code
Result: NOTE
Namespaces in Imports field not imported from:
‘caret’ ‘randomForest’
All declared Imports should be used.
Flavors: r-devel-linux-x86_64-fedora-clang, r-devel-linux-x86_64-fedora-gcc
These binaries (installable software) and packages are in development.
They may not be fully stable and should be used with caution. We make no claims about them.