Last updated on 2025-02-16 08:50:54 CET.
Flavor | Version | Tinstall | Tcheck | Ttotal | Status | Flags |
---|---|---|---|---|---|---|
r-devel-linux-x86_64-debian-clang | 0.2.0 | 2.68 | 33.91 | 36.59 | OK | |
r-devel-linux-x86_64-debian-gcc | 0.2.0 | 1.89 | 27.15 | 29.04 | OK | |
r-devel-linux-x86_64-fedora-clang | 0.2.0 | 60.93 | NOTE | |||
r-devel-linux-x86_64-fedora-gcc | 0.2.0 | 55.83 | NOTE | |||
r-devel-macos-arm64 | 0.2.0 | 26.00 | OK | |||
r-devel-macos-x86_64 | 0.2.0 | 38.00 | OK | |||
r-devel-windows-x86_64 | 0.2.0 | 4.00 | 60.00 | 64.00 | OK | |
r-patched-linux-x86_64 | 0.2.0 | 2.92 | 32.53 | 35.45 | OK | |
r-release-linux-x86_64 | 0.2.0 | 2.60 | 32.66 | 35.26 | OK | |
r-release-macos-arm64 | 0.2.0 | 26.00 | OK | |||
r-release-macos-x86_64 | 0.2.0 | 39.00 | OK | |||
r-release-windows-x86_64 | 0.2.0 | 4.00 | 68.00 | 72.00 | OK | |
r-oldrel-macos-arm64 | 0.2.0 | 26.00 | OK | |||
r-oldrel-macos-x86_64 | 0.2.0 | 35.00 | OK | |||
r-oldrel-windows-x86_64 | 0.2.0 | 5.00 | 74.00 | 79.00 | OK |
Version: 0.2.0
Check: dependencies in R code
Result: NOTE
Namespaces in Imports field not imported from:
‘caret’ ‘randomForest’
All declared Imports should be used.
Flavors: r-devel-linux-x86_64-fedora-clang, r-devel-linux-x86_64-fedora-gcc
These binaries (installable software) and packages are in development.
They may not be fully stable and should be used with caution. We make no claims about them.