CRAN Package Check Results for Package mlr3db

Last updated on 2025-04-16 00:49:45 CEST.

Flavor Version Tinstall Tcheck Ttotal Status Flags
r-devel-linux-x86_64-debian-clang 0.5.2 5.21 110.05 115.26 NOTE
r-devel-linux-x86_64-debian-gcc 0.5.2 2.67 80.53 83.20 NOTE
r-devel-linux-x86_64-fedora-clang 0.5.2 180.31 OK
r-devel-linux-x86_64-fedora-gcc 0.5.2 167.92 OK
r-devel-windows-x86_64 0.5.2 6.00 114.00 120.00 NOTE
r-patched-linux-x86_64 0.5.2 4.82 105.88 110.70 NOTE
r-release-linux-x86_64 0.5.2 4.49 104.21 108.70 NOTE
r-release-macos-arm64 0.5.2 64.00 OK
r-release-macos-x86_64 0.5.2 114.00 OK
r-release-windows-x86_64 0.5.2 6.00 113.00 119.00 NOTE
r-oldrel-macos-arm64 0.5.2 52.00 OK
r-oldrel-macos-x86_64 0.5.2 81.00 OK
r-oldrel-windows-x86_64 0.5.2 7.00 156.00 163.00 OK

Check Details

Version: 0.5.2
Check: Rd cross-references
Result: NOTE Found the following Rd file(s) with Rd \link{} targets missing package anchors: as_duckdb_backend.Rd: DataBackendDataTable, as_data_backend, DataBackend, Task as_sqlite_backend.Rd: DataBackendDataTable, as_data_backend, DataBackend, Task Please provide package anchors for all Rd \link{} targets not in the package itself and the base packages. Flavors: r-devel-linux-x86_64-debian-clang, r-devel-linux-x86_64-debian-gcc, r-devel-windows-x86_64, r-patched-linux-x86_64, r-release-linux-x86_64, r-release-windows-x86_64

These binaries (installable software) and packages are in development.
They may not be fully stable and should be used with caution. We make no claims about them.