CRAN Package Check Results for Package mlr3measures

Last updated on 2025-10-23 21:51:33 CEST.

Flavor Version Tinstall Tcheck Ttotal Status Flags
r-devel-linux-x86_64-debian-clang 1.1.0 3.13 66.24 69.37 NOTE
r-devel-linux-x86_64-debian-gcc 1.1.0 2.30 48.25 50.55 OK
r-devel-linux-x86_64-fedora-clang 1.1.0 11.00 94.08 105.08 OK
r-devel-linux-x86_64-fedora-gcc 1.1.0 101.35 OK
r-devel-windows-x86_64 1.1.0 6.00 92.00 98.00 OK
r-patched-linux-x86_64 1.1.0 6.47 62.68 69.15 OK
r-release-linux-x86_64 1.1.0 3.55 66.12 69.67 OK
r-release-macos-arm64 1.1.0 2.00 33.00 35.00 OK
r-release-macos-x86_64 1.1.0 7.00 99.00 106.00 OK
r-release-windows-x86_64 1.1.0 5.00 94.00 99.00 OK
r-oldrel-macos-arm64 1.1.0 2.00 36.00 38.00 OK
r-oldrel-macos-x86_64 1.1.0 6.00 65.00 71.00 OK
r-oldrel-windows-x86_64 1.1.0 7.00 114.00 121.00 OK

Check Details

Version: 1.1.0
Check: HTML version of manual
Result: NOTE Found the following HTML validation problems: binary_params.html:78:1 (binary_params.Rd:33): Warning: missing </ul> before </div> classif_params.html:74:1 (classif_params.Rd:31): Warning: missing </ul> before </div> regr_params.html:67:1 (regr_params.Rd:26): Warning: missing </ul> before </div> similarity_params.html:58:1 (similarity_params.Rd:19): Warning: missing </ul> before </div> Flavor: r-devel-linux-x86_64-debian-clang

These binaries (installable software) and packages are in development.
They may not be fully stable and should be used with caution. We make no claims about them.