CRAN Package Check Results for Package mlr3shiny

Last updated on 2025-02-16 08:50:54 CET.

Flavor Version Tinstall Tcheck Ttotal Status Flags
r-devel-linux-x86_64-debian-clang 0.5.0 2.01 18.81 20.82 OK
r-devel-linux-x86_64-debian-gcc 0.5.0 1.36 15.75 17.11 OK
r-devel-linux-x86_64-fedora-clang 0.5.0 37.21 NOTE
r-devel-linux-x86_64-fedora-gcc 0.5.0 32.34 NOTE
r-devel-macos-arm64 0.5.0 18.00 OK
r-devel-macos-x86_64 0.5.0 25.00 OK
r-devel-windows-x86_64 0.5.0 4.00 41.00 45.00 OK
r-patched-linux-x86_64 0.5.0 2.02 18.22 20.24 OK
r-release-linux-x86_64 0.5.0 1.68 18.13 19.81 OK
r-release-macos-arm64 0.5.0 23.00 OK
r-release-macos-x86_64 0.5.0 29.00 OK
r-release-windows-x86_64 0.5.0 4.00 41.00 45.00 OK
r-oldrel-macos-arm64 0.5.0 23.00 OK
r-oldrel-macos-x86_64 0.5.0 31.00 OK
r-oldrel-windows-x86_64 0.5.0 5.00 59.00 64.00 OK

Check Details

Version: 0.5.0
Check: dependencies in R code
Result: NOTE Namespaces in Imports field not imported from: ‘DT’ ‘GGally’ ‘Metrics’ ‘data.table’ ‘dplyr’ ‘ggparty’ ‘mlr3’ ‘mlr3learners’ ‘mlr3measures’ ‘mlr3pipelines’ ‘mlr3viz’ ‘patchwork’ ‘plyr’ ‘purrr’ ‘shinyWidgets’ ‘shinyalert’ ‘shinydashboard’ ‘shinyjs’ ‘stats’ ‘stringr’ All declared Imports should be used. Flavors: r-devel-linux-x86_64-fedora-clang, r-devel-linux-x86_64-fedora-gcc

These binaries (installable software) and packages are in development.
They may not be fully stable and should be used with caution. We make no claims about them.