Last updated on 2025-05-01 12:49:33 CEST.
Flavor | Version | Tinstall | Tcheck | Ttotal | Status | Flags |
---|---|---|---|---|---|---|
r-devel-linux-x86_64-debian-clang | 0.2.1 | 53.78 | 305.04 | 358.82 | NOTE | |
r-devel-linux-x86_64-debian-gcc | 0.2.1 | 33.83 | 204.16 | 237.99 | OK | |
r-devel-linux-x86_64-fedora-clang | 0.2.1 | 561.84 | OK | |||
r-devel-linux-x86_64-fedora-gcc | 0.2.1 | 548.50 | OK | |||
r-devel-windows-x86_64 | 0.2.1 | 48.00 | 332.00 | 380.00 | OK | |
r-patched-linux-x86_64 | 0.2.1 | 60.17 | 285.70 | 345.87 | OK | |
r-release-linux-x86_64 | OK | |||||
r-release-macos-arm64 | 0.2.1 | 142.00 | OK | |||
r-release-macos-x86_64 | 0.2.1 | 290.00 | OK | |||
r-release-windows-x86_64 | 0.2.1 | 51.00 | 328.00 | 379.00 | OK | |
r-oldrel-macos-arm64 | 0.2.1 | 113.00 | OK | |||
r-oldrel-macos-x86_64 | 0.2.1 | 229.00 | OK | |||
r-oldrel-windows-x86_64 | 0.2.1 | 61.00 | 416.00 | 477.00 | OK |
Version: 0.2.1
Check: examples
Result: NOTE
Examples with CPU (user + system) or elapsed time > 5s
user system elapsed
mlr_callback_set.progress 5.782 0.112 9.841
mlr_callback_set.checkpoint 4.209 0.145 7.679
mlr_callback_set.history 3.403 0.086 5.048
Flavor: r-devel-linux-x86_64-debian-clang
Version: 0.2.1
Check: examples
Result: NA
user system elapsed
mlr_callback_set.progress 4.238 0.181 5.608
mlr_callback_set.checkpoint 3.599 0.207 5.357
OK
Flavor: r-devel-linux-x86_64-debian-gcc
These binaries (installable software) and packages are in development.
They may not be fully stable and should be used with caution. We make no claims about them.