Last updated on 2025-05-01 15:49:36 CEST.
Flavor | Version | Tinstall | Tcheck | Ttotal | Status | Flags |
---|---|---|---|---|---|---|
r-devel-linux-x86_64-debian-clang | 1.3.0 | 15.88 | 525.53 | 541.41 | NOTE | |
r-devel-linux-x86_64-debian-gcc | 1.3.0 | 8.29 | 359.33 | 367.62 | OK | |
r-devel-linux-x86_64-fedora-clang | 1.3.0 | 915.22 | OK | |||
r-devel-linux-x86_64-fedora-gcc | 1.3.0 | 890.47 | OK | |||
r-devel-windows-x86_64 | 1.3.0 | 15.00 | 494.00 | 509.00 | OK | |
r-patched-linux-x86_64 | 1.3.0 | 18.21 | 490.67 | 508.88 | OK | |
r-release-linux-x86_64 | OK | |||||
r-release-macos-arm64 | 1.3.0 | 315.00 | OK | |||
r-release-macos-x86_64 | 1.3.0 | 582.00 | OK | |||
r-release-windows-x86_64 | 1.3.0 | 16.00 | 507.00 | 523.00 | OK | |
r-oldrel-macos-arm64 | 1.3.0 | 210.00 | OK | |||
r-oldrel-macos-x86_64 | 1.3.0 | 413.00 | OK | |||
r-oldrel-windows-x86_64 | 1.3.0 | 19.00 | 664.00 | 683.00 | OK |
Version: 1.3.0
Check: examples
Result: NOTE
Examples with CPU (user + system) or elapsed time > 5s
user system elapsed
mlr3tuning.one_se_rule 6.177 0.052 7.609
AutoTuner 5.694 0.155 6.710
Flavor: r-devel-linux-x86_64-debian-clang
Version: 1.3.0
Check: examples
Result: NA
user system elapsed
AutoTuner 5.632 0.410 7.823
mlr3tuning.one_se_rule 4.508 0.099 5.963
OK
Flavor: r-devel-linux-x86_64-debian-gcc
These binaries (installable software) and packages are in development.
They may not be fully stable and should be used with caution. We make no claims about them.