Last updated on 2025-11-04 05:51:17 CET.
| Flavor | Version | Tinstall | Tcheck | Ttotal | Status | Flags | 
|---|---|---|---|---|---|---|
| r-devel-linux-x86_64-debian-clang | 0.10.1 | 7.67 | 219.61 | 227.28 | OK | |
| r-devel-linux-x86_64-debian-gcc | 0.10.1 | 5.29 | 147.32 | 152.61 | OK | |
| r-devel-linux-x86_64-fedora-clang | 0.10.1 | 40.00 | 334.06 | 374.06 | OK | |
| r-devel-linux-x86_64-fedora-gcc | 0.10.1 | 16.00 | 310.63 | 326.63 | OK | |
| r-devel-windows-x86_64 | 0.10.1 | 9.00 | 162.00 | 171.00 | OK | |
| r-patched-linux-x86_64 | 0.10.1 | 7.55 | 204.11 | 211.66 | OK | |
| r-release-linux-x86_64 | 0.10.1 | 7.47 | 207.74 | 215.21 | OK | |
| r-release-macos-arm64 | 0.10.1 | 3.00 | 56.00 | 59.00 | OK | |
| r-release-macos-x86_64 | 0.10.1 | 9.00 | 122.00 | 131.00 | OK | |
| r-release-windows-x86_64 | 0.10.1 | 10.00 | 164.00 | 174.00 | OK | |
| r-oldrel-macos-arm64 | 0.10.1 | 3.00 | 62.00 | 65.00 | NOTE | |
| r-oldrel-macos-x86_64 | 0.10.1 | 6.00 | 138.00 | 144.00 | NOTE | |
| r-oldrel-windows-x86_64 | 0.10.1 | 13.00 | 227.00 | 240.00 | NOTE | 
Version: 0.10.1
Check: package dependencies
Result: NOTE
  Package suggested but not available for checking: ‘mlr3proba’
Flavors: r-oldrel-macos-arm64, r-oldrel-macos-x86_64, r-oldrel-windows-x86_64
These binaries (installable software) and packages are in development.
They may not be fully stable and should be used with caution. We make no claims about them.