Last updated on 2025-05-03 22:50:00 CEST.
Flavor | Version | Tinstall | Tcheck | Ttotal | Status | Flags |
---|---|---|---|---|---|---|
r-devel-linux-x86_64-debian-clang | 0.10.1 | 8.23 | 178.73 | 186.96 | OK | |
r-devel-linux-x86_64-debian-gcc | 0.10.1 | 4.61 | 125.68 | 130.29 | OK | |
r-devel-linux-x86_64-fedora-clang | 0.10.1 | 304.89 | OK | |||
r-devel-linux-x86_64-fedora-gcc | 0.10.1 | 274.30 | OK | |||
r-devel-windows-x86_64 | 0.10.1 | 9.00 | 145.00 | 154.00 | OK | |
r-patched-linux-x86_64 | 0.10.1 | 8.15 | 164.31 | 172.46 | OK | |
r-release-linux-x86_64 | OK | |||||
r-release-macos-arm64 | 0.10.1 | 59.00 | OK | |||
r-release-macos-x86_64 | 0.10.1 | 131.00 | OK | |||
r-release-windows-x86_64 | 0.10.1 | 8.00 | 146.00 | 154.00 | OK | |
r-oldrel-macos-arm64 | 0.10.1 | 65.00 | NOTE | |||
r-oldrel-macos-x86_64 | 0.10.1 | 144.00 | NOTE | |||
r-oldrel-windows-x86_64 | 0.10.1 | 12.00 | 204.00 | 216.00 | NOTE |
Version: 0.10.1
Check: package dependencies
Result: NOTE
Package suggested but not available for checking: ‘mlr3proba’
Flavors: r-oldrel-macos-arm64, r-oldrel-macos-x86_64, r-oldrel-windows-x86_64
These binaries (installable software) and packages are in development.
They may not be fully stable and should be used with caution. We make no claims about them.