CRAN Package Check Results for Package mlrMBO

Last updated on 2025-02-16 08:50:54 CET.

Flavor Version Tinstall Tcheck Ttotal Status Flags
r-devel-linux-x86_64-debian-clang 1.1.5.1 16.14 243.77 259.91 NOTE
r-devel-linux-x86_64-debian-gcc 1.1.5.1 10.60 171.67 182.27 NOTE
r-devel-linux-x86_64-fedora-clang 1.1.5.1 430.85 NOTE
r-devel-linux-x86_64-fedora-gcc 1.1.5.1 412.66 NOTE
r-devel-macos-arm64 1.1.5.1 109.00 NOTE
r-devel-macos-x86_64 1.1.5.1 285.00 NOTE
r-devel-windows-x86_64 1.1.5.1 20.00 212.00 232.00 NOTE
r-patched-linux-x86_64 1.1.5.1 15.04 229.37 244.41 NOTE
r-release-linux-x86_64 1.1.5.1 15.14 227.66 242.80 NOTE
r-release-macos-arm64 1.1.5.1 106.00 NOTE
r-release-macos-x86_64 1.1.5.1 181.00 NOTE
r-release-windows-x86_64 1.1.5.1 21.00 212.00 233.00 NOTE
r-oldrel-macos-arm64 1.1.5.1 123.00 OK
r-oldrel-macos-x86_64 1.1.5.1 196.00 OK
r-oldrel-windows-x86_64 1.1.5.1 25.00 300.00 325.00 OK

Check Details

Version: 1.1.5.1
Check: Rd files
Result: NOTE checkRd: (-1) MBOMultiObjResult.Rd:8: Lost braces in \itemize; meant \describe ? checkRd: (-1) MBOMultiObjResult.Rd:9: Lost braces in \itemize; meant \describe ? checkRd: (-1) MBOMultiObjResult.Rd:10: Lost braces in \itemize; meant \describe ? checkRd: (-1) MBOMultiObjResult.Rd:11-13: Lost braces in \itemize; meant \describe ? checkRd: (-1) MBOMultiObjResult.Rd:15: Lost braces in \itemize; meant \describe ? checkRd: (-1) MBOSingleObjResult.Rd:8: Lost braces in \itemize; meant \describe ? checkRd: (-1) MBOSingleObjResult.Rd:9-11: Lost braces in \itemize; meant \describe ? checkRd: (-1) MBOSingleObjResult.Rd:12: Lost braces in \itemize; meant \describe ? checkRd: (-1) MBOSingleObjResult.Rd:13-15: Lost braces in \itemize; meant \describe ? checkRd: (-1) MBOSingleObjResult.Rd:16: Lost braces in \itemize; meant \describe ? checkRd: (-1) MBOSingleObjResult.Rd:27: Lost braces in \itemize; meant \describe ? checkRd: (-1) error_handling.Rd:12: Lost braces in \itemize; meant \describe ? checkRd: (-1) error_handling.Rd:13: Lost braces in \itemize; meant \describe ? checkRd: (-1) error_handling.Rd:14: Lost braces in \itemize; meant \describe ? checkRd: (-1) error_handling.Rd:15: Lost braces in \itemize; meant \describe ? checkRd: (-1) error_handling.Rd:16-17: Lost braces in \itemize; meant \describe ? checkRd: (-1) error_handling.Rd:18-20: Lost braces in \itemize; meant \describe ? checkRd: (-1) error_handling.Rd:21: Lost braces in \itemize; meant \describe ? checkRd: (-1) mbo_parallel.Rd:9: Lost braces in \itemize; meant \describe ? checkRd: (-1) mbo_parallel.Rd:10: Lost braces in \itemize; meant \describe ? checkRd: (-1) setMBOControlMultiObj.Rd:119-120: Lost braces 119 | Notes in Computer Science, ISBN 978-3-642-37139-4, pp. 756{770, | ^ checkRd: (-1) trafos.Rd:28: Lost braces in \itemize; meant \describe ? checkRd: (-1) trafos.Rd:29: Lost braces in \itemize; meant \describe ? Flavors: r-devel-linux-x86_64-debian-clang, r-devel-linux-x86_64-debian-gcc, r-devel-linux-x86_64-fedora-clang, r-devel-linux-x86_64-fedora-gcc, r-devel-macos-arm64, r-devel-macos-x86_64, r-devel-windows-x86_64, r-patched-linux-x86_64, r-release-linux-x86_64, r-release-macos-arm64, r-release-macos-x86_64, r-release-windows-x86_64

These binaries (installable software) and packages are in development.
They may not be fully stable and should be used with caution. We make no claims about them.