Last updated on 2025-05-01 14:49:15 CEST.
Flavor | Version | Tinstall | Tcheck | Ttotal | Status | Flags |
---|---|---|---|---|---|---|
r-devel-linux-x86_64-debian-clang | 0.5.1-1 | 6.03 | 522.98 | 529.01 | NOTE | |
r-devel-linux-x86_64-debian-gcc | 0.5.1-1 | 3.56 | 353.03 | 356.59 | NOTE | |
r-devel-linux-x86_64-fedora-clang | 0.5.1-1 | 826.69 | OK | |||
r-devel-linux-x86_64-fedora-gcc | 0.5.1-1 | 803.33 | OK | |||
r-devel-windows-x86_64 | 0.5.1-1 | 7.00 | 501.00 | 508.00 | OK | |
r-patched-linux-x86_64 | 0.5.1-1 | 5.74 | 500.83 | 506.57 | OK | |
r-release-linux-x86_64 | OK | |||||
r-release-macos-arm64 | 0.5.1-1 | 248.00 | OK | |||
r-release-macos-x86_64 | 0.5.1-1 | 518.00 | OK | |||
r-release-windows-x86_64 | 0.5.1-1 | 7.00 | 522.00 | 529.00 | OK | |
r-oldrel-macos-arm64 | 0.5.1-1 | 136.00 | OK | |||
r-oldrel-macos-x86_64 | 0.5.1-1 | 429.00 | OK | |||
r-oldrel-windows-x86_64 | 0.5.1-1 | 9.00 | 708.00 | 717.00 | OK |
Version: 0.5.1-1
Check: examples
Result: NOTE
Examples with CPU (user + system) or elapsed time > 5s
user system elapsed
makeMlr3Surrogate 5.896 0.611 1.107
OptimizerInterMBO 1.125 0.054 7.450
Examples with CPU time > 2.5 times elapsed time
user system elapsed ratio
makeMlr3Surrogate 5.896 0.611 1.107 5.878
Flavor: r-devel-linux-x86_64-debian-clang
Version: 0.5.1-1
Check: examples
Result: NOTE
Examples with CPU time > 2.5 times elapsed time
user system elapsed ratio
makeMlr3Surrogate 4.319 0.387 0.689 6.83
Flavor: r-devel-linux-x86_64-debian-gcc
These binaries (installable software) and packages are in development.
They may not be fully stable and should be used with caution. We make no claims about them.