CRAN Package Check Results for Package mlrv

Last updated on 2025-07-22 13:49:18 CEST.

Flavor Version Tinstall Tcheck Ttotal Status Flags
r-devel-linux-x86_64-debian-clang 0.1.2 49.66 328.67 378.33 OK
r-devel-linux-x86_64-debian-gcc 0.1.2 31.97 178.96 210.93 OK
r-devel-linux-x86_64-fedora-clang 0.1.2 619.55 OK
r-devel-linux-x86_64-fedora-gcc 0.1.2 613.94 OK
r-devel-windows-x86_64 0.1.2 53.00 291.00 344.00 OK
r-patched-linux-x86_64 0.1.2 49.39 295.50 344.89 OK
r-release-linux-x86_64 0.1.2 49.26 295.27 344.53 OK
r-release-macos-arm64 0.1.2 241.00 OK
r-release-macos-x86_64 0.1.2 387.00 OK
r-release-windows-x86_64 0.1.2 54.00 305.00 359.00 OK
r-oldrel-macos-arm64 0.1.2 189.00 NOTE
r-oldrel-macos-x86_64 0.1.2 570.00 NOTE
r-oldrel-windows-x86_64 0.1.2 65.00 451.00 516.00 OK

Check Details

Version: 0.1.2
Check: installed package size
Result: NOTE installed size is 6.0Mb sub-directories of 1Mb or more: libs 5.7Mb Flavors: r-oldrel-macos-arm64, r-oldrel-macos-x86_64

These binaries (installable software) and packages are in development.
They may not be fully stable and should be used with caution. We make no claims about them.