Last updated on 2025-05-01 08:52:38 CEST.
Flavor | Version | Tinstall | Tcheck | Ttotal | Status | Flags |
---|---|---|---|---|---|---|
r-devel-linux-x86_64-debian-clang | 0.1.2 | 49.09 | 331.75 | 380.84 | NOTE | |
r-devel-linux-x86_64-debian-gcc | 0.1.2 | 33.47 | 179.63 | 213.10 | OK | |
r-devel-linux-x86_64-fedora-clang | 0.1.2 | 644.84 | OK | |||
r-devel-linux-x86_64-fedora-gcc | 0.1.2 | 614.73 | OK | |||
r-devel-windows-x86_64 | 0.1.2 | 52.00 | 301.00 | 353.00 | OK | |
r-patched-linux-x86_64 | 0.1.2 | 47.06 | 294.52 | 341.58 | OK | |
r-release-linux-x86_64 | OK | |||||
r-release-macos-arm64 | 0.1.2 | 241.00 | OK | |||
r-release-macos-x86_64 | 0.1.2 | 387.00 | OK | |||
r-release-windows-x86_64 | 0.1.2 | 54.00 | 308.00 | 362.00 | OK | |
r-oldrel-macos-arm64 | 0.1.2 | 189.00 | NOTE | |||
r-oldrel-macos-x86_64 | 0.1.2 | 570.00 | NOTE | |||
r-oldrel-windows-x86_64 | 0.1.2 | 60.00 | 439.00 | 499.00 | OK |
Version: 0.1.2
Check: examples
Result: NOTE
Examples with CPU (user + system) or elapsed time > 5s
user system elapsed
heter_covariate 6.644 0.004 7.159
Flavor: r-devel-linux-x86_64-debian-clang
Version: 0.1.2
Check: examples
Result: NA
user system elapsed
heter_covariate 3.111 0.008 7.074
OK
Flavor: r-devel-linux-x86_64-debian-gcc
Version: 0.1.2
Check: installed package size
Result: NOTE
installed size is 6.0Mb
sub-directories of 1Mb or more:
libs 5.7Mb
Flavors: r-oldrel-macos-arm64, r-oldrel-macos-x86_64
These binaries (installable software) and packages are in development.
They may not be fully stable and should be used with caution. We make no claims about them.