Last updated on 2025-02-07 05:50:46 CET.
Flavor | Version | Tinstall | Tcheck | Ttotal | Status | Flags |
---|---|---|---|---|---|---|
r-devel-linux-x86_64-debian-clang | 1.0.0 | 787.72 | 191.30 | 979.02 | OK | |
r-devel-linux-x86_64-debian-gcc | 1.0.0 | 692.87 | 180.86 | 873.73 | OK | |
r-devel-linux-x86_64-fedora-clang | 1.0.0 | 1418.01 | OK | |||
r-devel-linux-x86_64-fedora-gcc | 1.0.0 | 2087.88 | OK | |||
r-devel-windows-x86_64 | 1.0.0 | 651.00 | 253.00 | 904.00 | OK | |
r-patched-linux-x86_64 | 1.0.0 | 931.14 | 240.52 | 1171.66 | NOTE | |
r-release-linux-x86_64 | 1.0.0 | 904.79 | 241.74 | 1146.53 | NOTE | |
r-release-macos-arm64 | 1.0.0 | 204.00 | NOTE | |||
r-release-macos-x86_64 | 1.0.0 | 207.00 | NOTE | |||
r-release-windows-x86_64 | 1.0.0 | 640.00 | 237.00 | 877.00 | NOTE | |
r-oldrel-macos-arm64 | 1.0.0 | 395.00 | NOTE | |||
r-oldrel-macos-x86_64 | 1.0.0 | 592.00 | NOTE | |||
r-oldrel-windows-x86_64 | 1.0.0 | 874.00 | 324.00 | 1198.00 | NOTE |
Version: 1.0.0
Check: for GNU extensions in Makefiles
Result: NOTE
GNU make is a SystemRequirements.
Flavors: r-patched-linux-x86_64, r-release-linux-x86_64, r-release-macos-arm64, r-release-macos-x86_64, r-release-windows-x86_64, r-oldrel-macos-arm64, r-oldrel-macos-x86_64, r-oldrel-windows-x86_64
Version: 1.0.0
Check: installed package size
Result: NOTE
installed size is 134.8Mb
sub-directories of 1Mb or more:
doc 1.2Mb
libs 132.7Mb
Flavors: r-release-macos-arm64, r-release-macos-x86_64, r-release-windows-x86_64, r-oldrel-macos-arm64, r-oldrel-macos-x86_64, r-oldrel-windows-x86_64
These binaries (installable software) and packages are in development.
They may not be fully stable and should be used with caution. We make no claims about them.