Last updated on 2025-11-13 21:50:02 CET.
| Flavor | Version | Tinstall | Tcheck | Ttotal | Status | Flags |
|---|---|---|---|---|---|---|
| r-devel-linux-x86_64-debian-clang | 4.2.0 | 16.29 | 92.86 | 109.15 | NOTE | |
| r-devel-linux-x86_64-debian-gcc | 4.2.0 | 10.29 | 63.58 | 73.87 | NOTE | |
| r-devel-linux-x86_64-fedora-clang | 4.2.0 | 76.00 | 99.51 | 175.51 | NOTE | |
| r-devel-linux-x86_64-fedora-gcc | 4.2.0 | 35.00 | 124.93 | 159.93 | NOTE | |
| r-devel-windows-x86_64 | 4.2.0 | 17.00 | 96.00 | 113.00 | NOTE | |
| r-patched-linux-x86_64 | 4.2.0 | 14.41 | 86.55 | 100.96 | NOTE | |
| r-release-linux-x86_64 | 4.2.0 | 13.65 | 86.84 | 100.49 | NOTE | |
| r-release-macos-arm64 | 4.2.0 | 7.00 | 33.00 | 40.00 | NOTE | |
| r-release-macos-x86_64 | 4.2.0 | 14.00 | 64.00 | 78.00 | NOTE | |
| r-release-windows-x86_64 | 4.2.0 | 16.00 | 98.00 | 114.00 | NOTE | |
| r-oldrel-macos-arm64 | 4.2.0 | 6.00 | 32.00 | 38.00 | NOTE | |
| r-oldrel-macos-x86_64 | 4.2.0 | 11.00 | 54.00 | 65.00 | NOTE | |
| r-oldrel-windows-x86_64 | 4.2.0 | 24.00 | 123.00 | 147.00 | NOTE |
Version: 4.2.0
Check: Rd files
Result: NOTE
checkRd: (-1) simpopmlx.Rd:21: Lost braces; missing escapes or markup?
21 | \item{fim}{the Fisher Information Matrix estimated by Monolix. fim={"sa", "lin"} (default="sa")}
| ^
Flavors: r-devel-linux-x86_64-debian-clang, r-devel-linux-x86_64-debian-gcc, r-devel-linux-x86_64-fedora-clang, r-devel-linux-x86_64-fedora-gcc, r-devel-windows-x86_64, r-patched-linux-x86_64, r-release-linux-x86_64, r-release-macos-arm64, r-release-macos-x86_64, r-release-windows-x86_64, r-oldrel-macos-arm64, r-oldrel-macos-x86_64, r-oldrel-windows-x86_64
These binaries (installable software) and packages are in development.
They may not be fully stable and should be used with caution. We make no claims about them.