Last updated on 2025-05-01 08:52:38 CEST.
Flavor | Version | Tinstall | Tcheck | Ttotal | Status | Flags |
---|---|---|---|---|---|---|
r-devel-linux-x86_64-debian-clang | 4.2.0 | 16.21 | 82.79 | 99.00 | NOTE | |
r-devel-linux-x86_64-debian-gcc | 4.2.0 | 9.78 | 54.59 | 64.37 | NOTE | |
r-devel-linux-x86_64-fedora-clang | 4.2.0 | 147.97 | NOTE | |||
r-devel-linux-x86_64-fedora-gcc | 4.2.0 | 139.64 | NOTE | |||
r-devel-windows-x86_64 | 4.2.0 | 16.00 | 92.00 | 108.00 | NOTE | |
r-patched-linux-x86_64 | 4.2.0 | 14.34 | 78.79 | 93.13 | NOTE | |
r-release-linux-x86_64 | NOTE | |||||
r-release-macos-arm64 | 4.2.0 | 40.00 | NOTE | |||
r-release-macos-x86_64 | 4.2.0 | 78.00 | NOTE | |||
r-release-windows-x86_64 | 4.2.0 | 17.00 | 95.00 | 112.00 | NOTE | |
r-oldrel-macos-arm64 | 4.2.0 | 38.00 | NOTE | |||
r-oldrel-macos-x86_64 | 4.2.0 | 65.00 | NOTE | |||
r-oldrel-windows-x86_64 | 4.2.0 | 20.00 | 116.00 | 136.00 | NOTE |
Version: 4.2.0
Check: Rd files
Result: NOTE
checkRd: (-1) simpopmlx.Rd:21: Lost braces; missing escapes or markup?
21 | \item{fim}{the Fisher Information Matrix estimated by Monolix. fim={"sa", "lin"} (default="sa")}
| ^
Flavors: r-devel-linux-x86_64-debian-clang, r-devel-linux-x86_64-debian-gcc, r-devel-linux-x86_64-fedora-clang, r-devel-linux-x86_64-fedora-gcc, r-devel-windows-x86_64, r-patched-linux-x86_64, r-release-linux-x86_64, r-release-macos-arm64, r-release-macos-x86_64, r-release-windows-x86_64, r-oldrel-macos-arm64, r-oldrel-macos-x86_64, r-oldrel-windows-x86_64
These binaries (installable software) and packages are in development.
They may not be fully stable and should be used with caution. We make no claims about them.