Last updated on 2025-05-01 08:52:38 CEST.
Flavor | Version | Tinstall | Tcheck | Ttotal | Status | Flags |
---|---|---|---|---|---|---|
r-devel-linux-x86_64-debian-clang | 1.6.3 | 38.63 | 32.53 | 71.16 | NOTE | |
r-devel-linux-x86_64-debian-gcc | 1.6.3 | 27.46 | 25.00 | 52.46 | NOTE | |
r-devel-linux-x86_64-fedora-clang | 1.6.3 | 127.72 | OK | |||
r-devel-linux-x86_64-fedora-gcc | 1.6.3 | 123.30 | OK | |||
r-devel-windows-x86_64 | 1.6.3 | 41.00 | 85.00 | 126.00 | OK | |
r-patched-linux-x86_64 | 1.6.3 | 37.76 | 29.74 | 67.50 | OK | |
r-release-linux-x86_64 | OK | |||||
r-release-macos-arm64 | 1.6.3 | 42.00 | OK | |||
r-release-macos-x86_64 | 1.6.3 | 63.00 | OK | |||
r-release-windows-x86_64 | 1.6.3 | 40.00 | 93.00 | 133.00 | OK | |
r-oldrel-macos-arm64 | 1.6.3 | 41.00 | OK | |||
r-oldrel-macos-x86_64 | 1.6.3 | 60.00 | OK | |||
r-oldrel-windows-x86_64 | 1.6.3 | 46.00 | 83.00 | 129.00 | OK |
Version: 1.6.3
Check: CRAN incoming feasibility
Result: NOTE
Maintainer: ‘Jon Clayden <code@clayden.org>’
No Authors@R field in DESCRIPTION.
Please add one, modifying
Authors@R: person(given = "Jon",
family = "Clayden",
role = c("aut", "cre"),
email = "code@clayden.org")
as necessary.
Flavors: r-devel-linux-x86_64-debian-clang, r-devel-linux-x86_64-debian-gcc
These binaries (installable software) and packages are in development.
They may not be fully stable and should be used with caution. We make no claims about them.