Last updated on 2025-02-16 08:50:54 CET.
Flavor | Version | Tinstall | Tcheck | Ttotal | Status | Flags |
---|---|---|---|---|---|---|
r-devel-linux-x86_64-debian-clang | 0.3.0 | 19.02 | 25.14 | 44.16 | NOTE | |
r-devel-linux-x86_64-debian-gcc | 0.3.0 | 13.01 | 20.18 | 33.19 | NOTE | |
r-devel-linux-x86_64-fedora-clang | 0.3.0 | 80.54 | NOTE | |||
r-devel-linux-x86_64-fedora-gcc | 0.3.0 | 79.82 | NOTE | |||
r-devel-macos-arm64 | 0.3.0 | 23.00 | NOTE | |||
r-devel-macos-x86_64 | 0.3.0 | 37.00 | NOTE | |||
r-devel-windows-x86_64 | 0.3.0 | 31.00 | 72.00 | 103.00 | NOTE | |
r-patched-linux-x86_64 | 0.3.0 | 19.11 | 24.02 | 43.13 | NOTE | |
r-release-linux-x86_64 | 0.3.0 | 18.29 | 23.66 | 41.95 | NOTE | |
r-release-macos-arm64 | 0.3.0 | 26.00 | NOTE | |||
r-release-macos-x86_64 | 0.3.0 | 35.00 | NOTE | |||
r-release-windows-x86_64 | 0.3.0 | 32.00 | 68.00 | 100.00 | NOTE | |
r-oldrel-macos-arm64 | 0.3.0 | 29.00 | NOTE | |||
r-oldrel-macos-x86_64 | 0.3.0 | 45.00 | NOTE | |||
r-oldrel-windows-x86_64 | 0.3.0 | 38.00 | 101.00 | 139.00 | NOTE |
Version: 0.3.0
Check: C++ specification
Result: NOTE
Specified C++11: please drop specification unless essential
Flavors: r-devel-linux-x86_64-debian-clang, r-devel-linux-x86_64-debian-gcc, r-devel-linux-x86_64-fedora-clang, r-devel-linux-x86_64-fedora-gcc, r-devel-macos-arm64, r-devel-macos-x86_64, r-devel-windows-x86_64, r-patched-linux-x86_64, r-release-linux-x86_64, r-release-macos-arm64, r-release-macos-x86_64, r-release-windows-x86_64, r-oldrel-macos-arm64, r-oldrel-macos-x86_64, r-oldrel-windows-x86_64
Version: 0.3.0
Check: LazyData
Result: NOTE
'LazyData' is specified without a 'data' directory
Flavors: r-patched-linux-x86_64, r-release-linux-x86_64, r-release-macos-arm64, r-release-macos-x86_64, r-release-windows-x86_64, r-oldrel-macos-arm64, r-oldrel-macos-x86_64, r-oldrel-windows-x86_64
These binaries (installable software) and packages are in development.
They may not be fully stable and should be used with caution. We make no claims about them.