CRAN Package Check Results for Package mmapcharr

Last updated on 2025-07-27 05:48:36 CEST.

Flavor Version Tinstall Tcheck Ttotal Status Flags
r-devel-linux-x86_64-debian-clang 0.3.0 16.22 26.00 42.22 NOTE
r-devel-linux-x86_64-debian-gcc 0.3.0 13.05 20.77 33.82 NOTE
r-devel-linux-x86_64-fedora-clang 0.3.0 79.71 NOTE
r-devel-linux-x86_64-fedora-gcc 0.3.0 78.05 NOTE
r-devel-windows-x86_64 0.3.0 35.00 70.00 105.00 NOTE
r-patched-linux-x86_64 0.3.0 17.70 24.67 42.37 NOTE
r-release-linux-x86_64 0.3.0 18.43 24.38 42.81 NOTE
r-release-macos-arm64 0.3.0 25.00 NOTE
r-release-macos-x86_64 0.3.0 36.00 NOTE
r-release-windows-x86_64 0.3.0 34.00 67.00 101.00 NOTE
r-oldrel-macos-arm64 0.3.0 26.00 NOTE
r-oldrel-macos-x86_64 0.3.0 35.00 NOTE
r-oldrel-windows-x86_64 0.3.0 41.00 79.00 120.00 NOTE

Check Details

Version: 0.3.0
Check: C++ specification
Result: NOTE Specified C++11: please drop specification unless essential Flavors: r-devel-linux-x86_64-debian-clang, r-devel-linux-x86_64-debian-gcc, r-devel-linux-x86_64-fedora-clang, r-devel-linux-x86_64-fedora-gcc, r-devel-windows-x86_64, r-patched-linux-x86_64, r-release-linux-x86_64, r-release-macos-arm64, r-release-macos-x86_64, r-release-windows-x86_64, r-oldrel-macos-arm64, r-oldrel-macos-x86_64, r-oldrel-windows-x86_64

Version: 0.3.0
Check: LazyData
Result: NOTE 'LazyData' is specified without a 'data' directory Flavors: r-oldrel-macos-arm64, r-oldrel-macos-x86_64, r-oldrel-windows-x86_64

These binaries (installable software) and packages are in development.
They may not be fully stable and should be used with caution. We make no claims about them.