Last updated on 2025-10-23 17:50:54 CEST.
| Flavor | Version | Tinstall | Tcheck | Ttotal | Status | Flags |
|---|---|---|---|---|---|---|
| r-devel-linux-x86_64-debian-clang | 0.3.0 | 17.21 | 26.95 | 44.16 | NOTE | |
| r-devel-linux-x86_64-debian-gcc | 0.3.0 | 12.11 | 22.64 | 34.75 | NOTE | |
| r-devel-linux-x86_64-fedora-clang | 0.3.0 | 83.00 | 0.31 | 83.31 | NOTE | |
| r-devel-linux-x86_64-fedora-gcc | 0.3.0 | 42.00 | 32.02 | 74.02 | NOTE | |
| r-devel-windows-x86_64 | 0.3.0 | 33.00 | 61.00 | 94.00 | NOTE | |
| r-patched-linux-x86_64 | 0.3.0 | 19.00 | 25.73 | 44.73 | NOTE | |
| r-release-linux-x86_64 | 0.3.0 | 19.56 | 25.80 | 45.36 | NOTE | |
| r-release-macos-arm64 | 0.3.0 | 8.00 | 17.00 | 25.00 | NOTE | |
| r-release-macos-x86_64 | 0.3.0 | 9.00 | 27.00 | 36.00 | NOTE | |
| r-release-windows-x86_64 | 0.3.0 | 34.00 | 64.00 | 98.00 | NOTE | |
| r-oldrel-macos-arm64 | 0.3.0 | 9.00 | 17.00 | 26.00 | NOTE | |
| r-oldrel-macos-x86_64 | 0.3.0 | 12.00 | 23.00 | 35.00 | NOTE | |
| r-oldrel-windows-x86_64 | 0.3.0 | 39.00 | 80.00 | 119.00 | NOTE |
Version: 0.3.0
Check: C++ specification
Result: NOTE
Specified C++11: please drop specification unless essential
Flavors: r-devel-linux-x86_64-debian-clang, r-devel-linux-x86_64-debian-gcc, r-devel-linux-x86_64-fedora-clang, r-devel-linux-x86_64-fedora-gcc, r-devel-windows-x86_64, r-patched-linux-x86_64, r-release-linux-x86_64, r-release-macos-arm64, r-release-macos-x86_64, r-release-windows-x86_64, r-oldrel-macos-arm64, r-oldrel-macos-x86_64, r-oldrel-windows-x86_64
Version: 0.3.0
Check: HTML version of manual
Result: NOTE
Found the following HTML validation problems:
mmapchar-methods.html:79:1 (mmapchar-methods.Rd:30): Warning: missing </ul> before </div>
Flavor: r-devel-linux-x86_64-debian-clang
Version: 0.3.0
Check: LazyData
Result: NOTE
'LazyData' is specified without a 'data' directory
Flavors: r-oldrel-macos-arm64, r-oldrel-macos-x86_64, r-oldrel-windows-x86_64
These binaries (installable software) and packages are in development.
They may not be fully stable and should be used with caution. We make no claims about them.