CRAN Package Check Results for Package mmb

Last updated on 2025-07-02 03:50:46 CEST.

Flavor Version Tinstall Tcheck Ttotal Status Flags
r-devel-linux-x86_64-debian-clang 0.13.3 2.48 98.79 101.27 NOTE
r-devel-linux-x86_64-debian-gcc 0.13.3 2.61 67.00 69.61 NOTE
r-devel-linux-x86_64-fedora-clang 0.13.3 166.72 NOTE
r-devel-linux-x86_64-fedora-gcc 0.13.3 171.15 NOTE
r-devel-windows-x86_64 0.13.3 5.00 113.00 118.00 OK
r-patched-linux-x86_64 OK
r-release-linux-x86_64 0.13.3 3.17 93.47 96.64 OK
r-release-macos-arm64 0.13.3 68.00 OK
r-release-macos-x86_64 0.13.3 112.00 OK
r-release-windows-x86_64 0.13.3 5.00 109.00 114.00 OK
r-oldrel-macos-arm64 0.13.3 55.00 NOTE
r-oldrel-macos-x86_64 0.13.3 88.00 NOTE
r-oldrel-windows-x86_64 0.13.3 6.00 142.00 148.00 NOTE

Check Details

Version: 0.13.3
Check: CRAN incoming feasibility
Result: NOTE Maintainer: ‘Sebastian Hönel <sebastian.honel@lnu.se>’ No Authors@R field in DESCRIPTION. Please add one, modifying Authors@R: person(given = "Sebastian", family = "Hönel", role = c("aut", "cre"), email = "sebastian.honel@lnu.se") as necessary. Flavors: r-devel-linux-x86_64-debian-clang, r-devel-linux-x86_64-debian-gcc

Version: 0.13.3
Check: dependencies in R code
Result: NOTE Namespaces in Imports field not imported from: ‘datasets’ ‘doParallel’ ‘parallel’ All declared Imports should be used. Flavors: r-devel-linux-x86_64-fedora-clang, r-devel-linux-x86_64-fedora-gcc

Version: 0.13.3
Check: LazyData
Result: NOTE 'LazyData' is specified without a 'data' directory Flavors: r-oldrel-macos-arm64, r-oldrel-macos-x86_64, r-oldrel-windows-x86_64

These binaries (installable software) and packages are in development.
They may not be fully stable and should be used with caution. We make no claims about them.